-- --------------------------------------------------------
-- Servidor:                     127.0.0.1
-- Versão do servidor:           5.6.21 - MySQL Community Server (GPL)
-- OS do Servidor:               Win32
-- HeidiSQL Versão:              9.3.0.4984
-- --------------------------------------------------------


-- Copiando estrutura do banco de dados para vs_ngo
CREATE DATABASE IF NOT EXISTS `vs_ngo` /*!40100 DEFAULT CHARACTER SET latin1 */;
USE `vs_ngo`;


-- Copiando estrutura para tabela vs_ngo.cad_area
CREATE TABLE IF NOT EXISTS `cad_area` (
  `car_id` int(11) NOT NULL AUTO_INCREMENT,
  `car_tipo` char(50) DEFAULT NULL,
  `car_ctrs_id` int(11) DEFAULT NULL,
  `car_nome` longtext,
  `car_raio` int(11) DEFAULT NULL,
  `car_lat` float DEFAULT NULL,
  `car_long` float DEFAULT NULL,
  `car_status` char(1) DEFAULT 'S',
  PRIMARY KEY (`car_id`),
  KEY `FK_cad_area_cad_transportador_razaosocial` (`car_ctrs_id`),
  CONSTRAINT `FK_cad_area_cad_transportador_razaosocial` FOREIGN KEY (`car_ctrs_id`) REFERENCES `cad_transportador_razaosocial` (`ctrs_id`)
) ENGINE=InnoDB AUTO_INCREMENT=8 DEFAULT CHARSET=latin1;

-- Copiando dados para a tabela vs_ngo.cad_area: ~2 rows (aproximadamente)
INSERT INTO `cad_area` (`car_id`, `car_tipo`, `car_ctrs_id`, `car_nome`, `car_raio`, `car_lat`, `car_long`, `car_status`) VALUES
	(5, 'POLO', 2, 'Uberaba', 250, -19.7745, -47.934, 'S'),
	(7, 'POLO', 21, 'BH', 500, -19.8828, -43.9575, 'S');


-- Copiando estrutura para tabela vs_ngo.cad_status
CREATE TABLE IF NOT EXISTS `cad_status` (
  `cst_id` int(11) DEFAULT NULL,
  `cst_status` longtext
) ENGINE=InnoDB DEFAULT CHARSET=latin1;

-- Copiando dados para a tabela vs_ngo.cad_status: ~5 rows (aproximadamente)
INSERT INTO `cad_status` (`cst_id`, `cst_status`) VALUES
	(1, 'AGUARDANDO INÍCIO'),
	(2, 'ATRASO PRÓXIMO'),
	(3, 'ATRASADO'),
	(4, 'INICIADO'),
	(5, 'FINALIZADO');


-- Copiando estrutura para tabela vs_ngo.cad_transportador_razaosocial
CREATE TABLE IF NOT EXISTS `cad_transportador_razaosocial` (
  `ctrs_id` int(11) NOT NULL AUTO_INCREMENT,
  `ctrs_nome` longtext,
  `ctrs_status` char(1) DEFAULT 'P',
  PRIMARY KEY (`ctrs_id`)
) ENGINE=InnoDB AUTO_INCREMENT=48 DEFAULT CHARSET=latin1;

-- Copiando dados para a tabela vs_ngo.cad_transportador_razaosocial: ~46 rows (aproximadamente)
INSERT INTO `cad_transportador_razaosocial` (`ctrs_id`, `ctrs_nome`, `ctrs_status`) VALUES
	(1, 'TRANSNIL TRANSPORTE', 'P'),
	(2, 'RODOFAR LOGISTIC INTEGRADA EIRELI', 'P'),
	(3, 'JM EXPRESS FORTALEZA', 'P'),
	(4, 'FRANCELLOG', 'P'),
	(5, 'ELFA MEDICAMENTOS', 'P'),
	(6, 'BOMFIM CARGAS E ENCOMENDAS LTDA', 'P'),
	(7, 'OBJETIVO TRANSPORTES EIRELLI(POSITIVA)', 'P'),
	(8, 'WLGC TRANSPORTES RODOVIÁRIOS', 'P'),
	(9, 'TRANSRAPIDO LOGÍSTICA', 'P'),
	(10, 'VANCRIS LOGÍSTICA E TRANSPORTES LTDA', 'P'),
	(11, 'CARGEX TRANSPORTES E LOGÍSTICA LTDA', 'P'),
	(12, 'CF LOG TRANSPORTES LTDA', 'P'),
	(13, 'LVA TRANSPORTES', 'P'),
	(14, 'TEMPO REAL TRANSPORTES E LOGÍSTICA', 'P'),
	(15, 'NCN TRANSPORTES', 'P'),
	(16, 'GMC TRANSPORTE', 'P'),
	(17, 'TRANSFARRAPOS TRANSPS RODOVS DE CARGAS LTDA ', 'P'),
	(18, 'TRANSMINO TRANSPORTES LTDA', 'P'),
	(19, 'KAIZEN CHECKLIST', 'P'),
	(20, 'EXPREX LOG DISTRIBUIÇÃO LTDA', 'P'),
	(21, 'JC LOGÍSTICA E TRANSP. LTDA - GERAL SERVICE', 'S'),
	(22, 'MAGNUM COMPANHIA DE PNEUS S/A', 'P'),
	(23, 'AMARAL SOUZA TRANSPORTES [REIS]', 'P'),
	(24, 'L E K TRANSPORTES DE CARGAS EXPRESS', 'P'),
	(25, 'LINK TRANSPORTES LTDA', 'P'),
	(26, 'TRANSPORTES NOVO NORDESTE (RN)', 'P'),
	(27, 'EXPRESS TCM LTDA', 'P'),
	(28, 'ODIN TRANSPORTES LTDA', 'P'),
	(29, 'TRANSPORTADORA LEAL', 'P'),
	(30, 'SV TRANSPORTE', 'P'),
	(31, 'LAPON INDÚSTRIA FARMACÊUTICA LTDA', 'P'),
	(32, 'LIFE CARGO TRANSPORTE E LOGÍSTICA LTDA', 'P'),
	(33, 'LIRA ALIMENTOS', 'P'),
	(34, 'MCR LOGISTICA LTDA', 'P'),
	(35, 'TRANSPORTADORA DE CARGAS GERALOG LTDA', 'P'),
	(36, 'MEGA FIOS LTDA', 'P'),
	(37, 'MONTENEGRO TRANSPORTE DE CARGAS', 'P'),
	(38, 'MCO TRANSPORTES', 'P'),
	(39, 'ALUVID INDUSTRIA E COMERCIO DE ALUMINIO E VIDROS LTDA ', 'P'),
	(40, 'AGILLE LOGÍSTICA TRANSPORTES LTDA', 'P'),
	(41, 'JM EXPRESS RECIFE', 'S'),
	(42, 'FERREIRA SERVIÇOS DE TRANSPORTES', 'P'),
	(43, 'STORE LOGÍSTICA E ARMAZÉNS GERAIS LTDA', 'P'),
	(44, 'RODOPOSTO MAIRIPORÃ LTDA', 'P'),
	(45, 'RP TRANSPORTES E SERVICOS LTDA.', 'P'),
	(46, 'TRANSPORTADORA ESMERALDA', 'P'),
	(47, 'MASTER TRANSPORTES LTDA', 'P');


-- Copiando estrutura para tabela vs_ngo.log_alerta
CREATE TABLE IF NOT EXISTS `log_alerta` (
  `lal_id` int(11) NOT NULL AUTO_INCREMENT,
  `lal_tipo` char(50) DEFAULT NULL,
  `lal_lsm_id` int(11) DEFAULT NULL,
  `car_id` int(11) DEFAULT NULL,
  `lal_data` timestamp NULL DEFAULT NULL,
  `lal_lat` float DEFAULT NULL,
  `lal_long` float DEFAULT NULL,
  `lal_status` char(1) DEFAULT 'N',
  PRIMARY KEY (`lal_id`)
) ENGINE=InnoDB AUTO_INCREMENT=16 DEFAULT CHARSET=latin1;

-- Copiando dados para a tabela vs_ngo.log_alerta: ~4 rows (aproximadamente)
INSERT INTO `log_alerta` (`lal_id`, `lal_tipo`, `lal_lsm_id`, `car_id`, `lal_data`, `lal_lat`, `lal_long`, `lal_status`) VALUES
	(13, 'Nova SM', 154839, 7, '2020-06-26 00:49:49', -19.8825, -43.9581, 'N'),
	(14, 'Nova SM', 154861, 7, '2020-05-27 22:29:34', -19.8828, -43.9578, 'N'),
	(15, 'Nova SM', 154862, 7, '2020-05-27 17:19:01', -18.7386, -44.4244, 'N');


-- Copiando estrutura para tabela vs_ngo.log_solicitacao_monitoramento
CREATE TABLE IF NOT EXISTS `log_solicitacao_monitoramento` (
  `lsm_id` int(11) NOT NULL AUTO_INCREMENT,
  `lsm_status_rastreamento` int(1) DEFAULT NULL,
  `lsm_ctrs_id` int(11) DEFAULT NULL,
  `lsm_motorista_nome` longtext,
  `lsm_veiculo_placa` char(50) DEFAULT NULL,
  `lsm_veiculo_codigo_integracao` int(11) DEFAULT NULL,
  `lsm_equipamento_descricao` char(50) DEFAULT NULL,
  `lsm_data_hora_previsao_inicio` timestamp NULL DEFAULT NULL,
  `lsm_data_hora_previsao_termino` timestamp NULL DEFAULT NULL,
  `lsm_data_hora_solicitacao` timestamp NULL DEFAULT NULL,
  `lsm_data_ultima_posicao` timestamp NULL DEFAULT NULL,
  `lsm_ultima_posicao_latitude` float DEFAULT NULL,
  `lsm_ultima_posicao_longitude` float DEFAULT NULL,
  `lsm_status_area` char(1) DEFAULT 'I',
  PRIMARY KEY (`lsm_id`)
) ENGINE=InnoDB AUTO_INCREMENT=154893 DEFAULT CHARSET=utf8;

-- Copiando dados para a tabela vs_ngo.log_solicitacao_monitoramento: ~299 rows (aproximadamente)
INSERT INTO `log_solicitacao_monitoramento` (`lsm_id`, `lsm_status_rastreamento`, `lsm_ctrs_id`, `lsm_motorista_nome`, `lsm_veiculo_placa`, `lsm_veiculo_codigo_integracao`, `lsm_equipamento_descricao`, `lsm_data_hora_previsao_inicio`, `lsm_data_hora_previsao_termino`, `lsm_data_hora_solicitacao`, `lsm_data_ultima_posicao`, `lsm_ultima_posicao_latitude`, `lsm_ultima_posicao_longitude`, `lsm_status_area`) VALUES
	(152509, 4, 17, 'VANDERLEI ANDERSON POHL', 'IGU-8837', 773716, 'SASCAR', '2020-06-17 16:30:00', '2020-06-24 23:00:00', '2020-06-17 16:00:28', '2020-06-26 08:34:16', -4.5152, -38.3415, 'I'),
	(152575, 4, 39, 'GILVAN MOUSINHO DA SILVA', 'KIQ-6673', 1250646, 'SASCAR', '2020-06-17 18:45:00', '2020-06-22 08:00:00', '2020-06-17 18:42:34', '2020-06-26 08:34:58', -18.7089, -44.4423, 'I'),
	(152795, 5, 38, 'CLOVIS DA CUNHA', 'KII-6710', 1467357, 'SASCAR', '2020-06-18 18:00:00', '2020-06-22 18:44:18', '2020-06-18 13:50:12', '2020-06-26 02:53:05', -8.12607, -35.0188, 'I'),
	(152800, 4, 17, 'VALDECIR CASTOLDI', 'IWM-0177', 1292861, 'SASCAR', '2020-06-18 15:00:00', '2020-06-25 14:08:37', '2020-06-18 14:11:51', '2020-06-26 08:34:58', -9.55925, -35.7564, 'I'),
	(152930, 4, 33, 'ROGERIO LEITE BARBOSA ', 'PDY-8388', 1367035, 'SASCAR', '2020-06-18 22:00:00', '2020-06-23 18:00:00', '2020-06-18 19:04:39', '2020-06-26 08:35:16', -5.17288, -37.3332, 'I'),
	(153089, 4, 17, 'FRANCISCO VALDENIR DA SILVA', 'EQB-3939', 1334221, 'SASCAR', '2020-06-19 13:00:03', '2020-06-26 22:48:03', '2020-06-19 08:50:40', '2020-06-26 08:35:45', -26.6986, -48.699, 'I'),
	(153101, 4, 17, 'FRANCISCO GILIARD CHAVES DOS SANTOS', 'IWP-7903', 1344123, 'SASCAR', '2020-06-19 10:15:00', '2020-06-25 09:51:24', '2020-06-19 10:03:34', '2020-06-26 08:30:46', -4.98616, -43.0691, 'I'),
	(153275, 4, 33, 'JACKSON SANTOS PEREIRA SILVA ', 'PCR-4204', 1233419, 'SASCAR', '2020-06-19 21:00:00', '2020-06-24 12:00:00', '2020-06-19 19:03:40', '2020-06-26 08:31:55', -8.07451, -34.9444, 'I'),
	(153326, 4, 17, 'ELGIO TAROUCO BARBOSA', 'IZO-5J38', 1389167, 'SASCAR', '2020-06-20 07:38:40', '2020-06-30 20:38:40', '2020-06-19 20:44:55', '2020-06-26 08:31:50', -17.6217, -41.4972, 'I'),
	(153374, 4, 37, 'JOSE SONIVAL XAVIER DA SILVA', 'FCG-3395', 885174, 'OMNILINK', '2020-06-19 23:54:18', '2020-07-10 22:54:18', '2020-06-19 23:12:10', '2020-06-26 08:32:43', -9.45556, -35.8764, 'I'),
	(153444, 4, 14, 'MARCOS ANTONIO DA SILVA', 'QBP-8600', 287283, 'ONIXSAT', '2020-06-20 10:19:34', '2020-06-26 09:19:34', '2020-06-20 09:22:36', '2020-06-26 08:31:30', -8.7885, -63.851, 'I'),
	(153459, 4, 17, 'ERDERSON ANTUNES DE LEMOS', 'IZO-9A17', 1390375, 'SASCAR', '2020-06-20 11:30:00', '2020-06-28 10:18:35', '2020-06-20 10:22:01', '2020-06-26 08:35:49', -12.3063, -38.8809, 'I'),
	(153485, 4, 14, 'EVAIR CAMARGO DA ROCHA', 'JXB-6380', 114057, 'ONIXSAT', '2020-06-20 14:46:13', '2020-06-25 11:46:13', '2020-06-20 11:56:12', '2020-06-26 08:34:24', -9.196, -63.1838, 'I'),
	(153488, 4, 17, 'DANIEL GABRIEL GROODERS', 'IZO-5J43', 1389164, 'SASCAR', '2020-06-20 14:30:00', '2020-06-27 11:54:09', '2020-06-20 12:02:21', '2020-06-26 08:31:55', -10.9057, -37.1153, 'I'),
	(153552, 5, 27, 'FRANCISCO DE ASSIS BARRETO DA SILVA', 'MOP-4941', 1220608, 'SASCAR', '2020-06-20 21:19:51', '2020-06-25 18:19:51', '2020-06-20 18:23:29', '2020-06-26 02:56:03', -7.51637, -38.9914, 'I'),
	(153558, 4, 17, 'HUMBERTO MIRANDA GOBBO NETO', 'GXS-4127', 1245773, 'SASCAR', '2020-06-21 05:00:00', '2020-06-27 20:51:26', '2020-06-20 20:58:49', '2020-06-26 08:35:14', -9.38867, -40.5426, 'I'),
	(153560, 4, 17, 'ALEXANDRE JOSE DOS SANTOS', 'KON-3723', 265789, 'ONIXSAT', '2020-06-21 05:00:00', '2020-06-26 22:14:22', '2020-06-20 23:51:08', '2020-06-26 08:34:37', -8.2024, -34.9643, 'I'),
	(153562, 4, 17, 'ALBERTO SAULO SOARES DE SOUZA MORAES', 'OQY-8E47', 323102, 'ONIXSAT', '2020-06-21 05:00:00', '2020-06-26 12:00:00', '2020-06-21 02:06:18', '2020-06-26 08:33:09', -10.9054, -37.1151, 'I'),
	(153665, 4, 22, 'JOSEMAR MACHADO RODRIGUES', 'PCE-2949', 298240, 'ONIXSAT', '2020-06-23 09:04:28', '2020-06-26 16:04:28', '2020-06-22 16:16:33', '2020-06-26 08:30:48', -15.6705, -55.9502, 'I'),
	(153679, 4, 37, 'EDUARDO TORQUATO DA SILVA', 'DPB-2525', 1331874, 'SASCAR', '2020-06-22 17:05:00', '2020-07-10 16:41:10', '2020-06-22 16:57:17', '2020-06-26 08:30:11', -8.35325, -35.1736, 'I'),
	(153723, 4, 27, 'DIEGO CLEBER AURELIANO DE OLIVEIRA', 'FWD-6511', 1288999, 'SASCAR', '2020-06-22 21:32:39', '2020-06-27 18:32:39', '2020-06-22 18:34:25', '2020-06-26 08:16:38', -4.33256, -38.481, 'I'),
	(153736, 4, 33, 'MARCIO PEDRO SCHIMALSKI', 'ECM-4B87', 1421465, 'SASCAR', '2020-06-22 22:00:00', '2020-06-27 12:00:00', '2020-06-22 18:59:41', '2020-06-26 08:32:38', -8.29703, -35.8674, 'I'),
	(153752, 4, 30, 'JONH LENON DA SILVA', 'QYD-0377', 307968, 'ONIXSAT', '2020-06-22 20:24:18', '2020-06-24 19:24:18', '2020-06-22 19:26:04', '2020-06-26 08:32:07', -16.7017, -49.1092, 'I'),
	(153919, 4, 18, 'THAYLON FAGUNDES LARA DA SILVA', 'OBG-2498', 126405, 'ONIXSAT', '2020-06-23 18:00:00', '2020-06-26 08:04:22', '2020-06-23 08:07:02', '2020-06-26 08:31:56', -23.595, -51.6404, 'I'),
	(153922, 4, 18, 'JURIPE BENICIO MARQUES', 'NPO-9120', 64388, 'ONIXSAT', '2020-06-23 18:00:00', '2020-06-26 08:07:41', '2020-06-23 08:10:04', '2020-06-26 08:30:01', -23.5856, -51.6476, 'I'),
	(153923, 4, 18, 'VALDEIR MARTINS MARINS ', 'NPP-7088', 64429, 'ONIXSAT', '2020-06-23 18:00:00', '2020-06-26 08:10:23', '2020-06-23 08:12:09', '2020-06-26 08:29:38', -23.5336, -51.714, 'I'),
	(153924, 4, 18, 'MAURICIO GOMES PEREIRA', 'OBH-6148', 126381, 'ONIXSAT', '2020-06-23 18:00:00', '2020-06-26 08:12:33', '2020-06-23 08:14:36', '2020-06-26 08:33:09', -23.5979, -51.632, 'I'),
	(153963, 4, 36, 'FABIO JUNIOR PINTO DE MEDEIROS', 'JUM-1649', 0, 'SASCAR', '2020-06-23 12:00:00', '2020-06-26 11:17:42', '2020-06-23 11:35:08', '2020-06-26 08:36:20', 0, 0, 'I'),
	(153968, 4, 35, 'JOSE FLAUSINO DA SILVA', 'QRQ-1690', 1320355, 'SASCAR', '2020-06-23 13:45:00', '2020-06-28 07:00:00', '2020-06-23 11:55:52', '2020-06-26 08:16:38', -7.39304, -43.7823, 'I'),
	(153988, 4, 14, 'RAIMUNDO MENEZES DA SILVA', 'CPR-3808', 1316679, 'SASCAR', '2020-06-23 15:00:00', '2020-06-29 13:33:19', '2020-06-23 13:35:09', '2020-06-26 08:33:06', -15.7115, -55.6971, 'I'),
	(153991, 4, 19, 'ROMILDO DA SILVA COSCRATO', 'ELW-5255', 1269099, 'SASCAR', '2020-06-23 15:00:00', '2020-06-29 12:00:00', '2020-06-23 13:48:06', '2020-06-26 08:34:07', -25.9123, -48.9192, 'I'),
	(153995, 5, 30, 'JOSE RICARDO DA SILVA TAVORA', 'PFP-8196', 249976, 'ONIXSAT', '2020-06-23 14:58:09', '2020-06-25 13:58:09', '2020-06-23 14:02:03', '2020-06-26 02:51:41', -16.7019, -49.1095, 'I'),
	(154019, 4, 17, 'ADEMAR LUIZ DE BONA', 'IVH-3197', 1292872, 'SASCAR', '2020-06-23 16:15:00', '2020-06-26 15:46:54', '2020-06-23 15:52:52', '2020-06-26 08:35:29', -5.74788, -35.9342, 'I'),
	(154052, 4, 27, 'VANDERLEY SOUZA QUEIROZ NETO', 'NZF-7A87', 1369453, 'SASCAR', '2020-06-23 20:56:33', '2020-06-28 21:56:33', '2020-06-23 17:02:16', '2020-06-26 08:35:29', -8.18451, -34.9561, 'I'),
	(154058, 4, 17, 'JOCIMAR BOHN', 'IWM-0182', 1344124, 'SASCAR', '2020-06-23 18:19:42', '2020-06-30 17:19:42', '2020-06-23 17:22:36', '2020-06-26 08:24:30', -14.2007, -40.2718, 'I'),
	(154112, 4, 33, 'ERIVALDO BOMFIM DOS SANTOS', 'OZV-8091', 1210489, 'SASCAR', '2020-06-23 22:00:00', '2020-06-29 10:00:00', '2020-06-23 18:53:29', '2020-06-26 08:33:01', -11.3181, -37.534, 'I'),
	(154139, 4, 27, 'RAIMUNDO CLODOALDO VIDAL DA SILVA', 'FWW-3A46', 1438198, 'SASCAR', '2020-06-23 21:50:23', '2020-06-28 20:50:23', '2020-06-23 19:53:21', '2020-06-26 08:35:20', -10.464, -39.0255, 'I'),
	(154157, 4, 17, 'CARLOS WAGNER PINHEIRO VIANA', 'IVH-3198', 1292877, 'SASCAR', '2020-06-24 05:00:00', '2020-06-27 17:00:00', '2020-06-23 20:54:10', '2020-06-26 08:35:31', -13.4831, -40.0433, 'I'),
	(154182, 4, 32, 'ANTONIO CARDOSO DOS SANTOS', 'EPO-9869', 1390064, 'SASCAR', '2020-06-23 23:30:43', '2020-06-26 22:17:43', '2020-06-23 23:21:17', '2020-06-26 08:35:18', -9.52082, -35.938, 'I'),
	(154232, 4, 13, 'MACIEL DE SOUZA SERAFIM', 'EFO-8358', 1206369, 'POSITRON', '2020-06-24 05:19:10', '2020-06-26 03:19:10', '2020-06-24 03:26:40', '2020-06-26 08:35:26', -6.96785, -34.8404, 'I'),
	(154233, 4, 31, 'JULIANO FARIAS DE PAULA', 'OYY-6130', 1222706, 'SASCAR', '2020-06-24 03:50:00', '2020-06-25 18:26:37', '2020-06-24 03:35:27', '2020-06-26 08:33:20', -3.71467, -38.5507, 'I'),
	(154250, 4, 13, 'JAELSON ANTONIO DE OLIVEIRA', 'KHO-0463', 1206346, 'POSITRON', '2020-06-24 09:40:01', '2020-06-24 17:40:01', '2020-06-24 07:48:31', '2020-06-26 08:35:26', -6.96778, -34.8404, 'I'),
	(154280, 4, 19, 'LUIS FERNANDO ATANASIO DE OLIVEIRA', 'FCB-2461', 1365311, 'SASCAR', '2020-06-24 14:00:00', '2020-06-30 12:00:00', '2020-06-24 11:20:38', '2020-06-26 07:19:02', -28.7598, -49.2847, 'I'),
	(154281, 4, 17, 'FRANCISCO NILTON DOS SANTOS', 'IZO-5J41', 1389166, 'SASCAR', '2020-06-24 11:30:00', '2020-06-28 12:00:00', '2020-06-24 11:21:04', '2020-06-26 08:33:57', -16.3961, -39.5803, 'I'),
	(154284, 4, 14, 'LAZARO GOMES DE OLIVEIRA', 'QLU-4113', 1235584, 'SASCAR', '2020-06-24 14:00:00', '2020-06-29 11:51:17', '2020-06-24 11:53:02', '2020-06-26 08:35:39', -19.1473, -51.6736, 'I'),
	(154293, 4, 23, 'JURANDIR DE SOUZA OLIVEIRA', 'NYJ-2220', 728026, 'SASCAR', '2020-06-24 13:30:00', '2020-06-27 12:00:00', '2020-06-24 13:21:40', '2020-06-26 08:34:53', -12.3093, -38.8841, 'I'),
	(154300, 4, 30, 'ALEXSANDRO LIMA DE SOUSA', 'PGH-9576', 249966, 'ONIXSAT', '2020-06-24 14:38:52', '2020-06-26 13:38:52', '2020-06-24 13:40:55', '2020-06-26 08:29:32', -13.963, -46.1965, 'I'),
	(154307, 4, 17, 'CARLOS TADEU TERRES', 'IWM-0185', 1292864, 'SASCAR', '2020-06-24 18:00:00', '2020-06-30 14:10:37', '2020-06-24 14:15:41', '2020-06-26 08:35:48', -23.8601, -46.9458, 'I'),
	(154319, 4, 27, 'LEANDRO SILVA DOS SANTOS', 'PDX-5635', 274367, 'ONIXSAT', '2020-06-24 21:30:13', '2020-06-29 18:30:13', '2020-06-24 15:34:11', '2020-06-26 08:18:42', -17.51, -41.4868, 'I'),
	(154336, 4, 29, 'MARCELO ANDRADE DE JESUS', 'EFO-9291', 1155520, 'SASCAR', '2020-06-24 17:45:00', '2020-06-28 07:00:00', '2020-06-24 16:23:36', '2020-06-26 08:18:02', -15.7193, -41.3411, 'I'),
	(154341, 4, 27, 'JACSON DE JESUS ANDRADE', 'OVB-4342', 928736, 'SASCAR', '2020-06-24 21:32:27', '2020-06-28 21:32:27', '2020-06-24 16:35:01', '2020-06-26 08:33:21', -14.8273, -39.3174, 'I'),
	(154347, 4, 27, 'WASHINGTON CARDOSO OLIVEIRA', 'EWM-2777', 1259064, 'SASCAR', '2020-06-24 22:00:00', '2020-06-27 08:00:00', '2020-06-24 16:59:17', '2020-06-26 08:35:27', -3.70995, -38.5791, 'I'),
	(154358, 4, 17, 'JOSE ANTONIO CORDEIRO DE ASSIS', 'IUL-1836', 1292874, 'SASCAR', '2020-06-25 05:00:00', '2020-06-27 18:00:00', '2020-06-24 17:17:41', '2020-06-26 08:33:03', -5.89484, -35.2597, 'I'),
	(154366, 4, 13, 'FABRICIO ROBERTO DA SILVA', 'PDS-0908', 0, 'POSITRON', '2020-06-25 17:29:07', '2020-06-28 17:29:07', '2020-06-24 17:31:25', '2020-06-26 08:36:20', 0, 0, 'I'),
	(154378, 4, 28, 'ADEMIR SERGIO DO NASCIMENTO', 'KJE-5496', 68964, 'ONIXSAT', '2020-06-24 23:59:00', '2020-06-26 17:50:54', '2020-06-24 17:52:52', '2020-06-26 08:35:16', -8.1848, -35.9653, 'I'),
	(154389, 5, 8, 'WELEDER ELIAB WEIDES RAMOS', 'FCD-1921', 80201, 'SIGHRA', '2020-06-25 15:03:01', '2020-06-25 20:03:01', '2020-06-24 18:08:30', '2020-06-26 02:40:58', -23.4693, -46.3429, 'I'),
	(154404, 4, 27, 'SALATIEL SILVA SOUZA', 'OKN-0636', 189029, 'ONIXSAT', '2020-06-24 18:50:00', '2020-06-27 18:23:50', '2020-06-24 18:27:54', '2020-06-26 08:34:47', -10.9963, -37.302, 'I'),
	(154413, 4, 27, 'ANTONIO CRISTIANO BRAZ DE SOUZA', 'DOM-6369', 1372934, 'SASCAR', '2020-06-24 21:13:28', '2020-06-29 20:13:28', '2020-06-24 19:15:43', '2020-06-26 08:34:49', -12.44, -39.2293, 'I'),
	(154414, 4, 27, 'JUDERLAN DUARTE CARNEIRO', 'OMI-4370', 318728, 'ONIXSAT', '2020-06-24 22:15:52', '2020-06-29 19:15:52', '2020-06-24 19:18:32', '2020-06-26 08:33:13', -15.7205, -41.3415, 'I'),
	(154415, 5, 27, 'FRANCISCO JACSON FERREIRA CARNEIRO', 'NZX-3722', 1238790, 'SASCAR', '2020-06-24 22:20:00', '2020-06-26 18:59:43', '2020-06-24 19:22:03', '2020-06-26 02:52:37', -8.18446, -34.9562, 'I'),
	(154416, 4, 27, 'ERISBENE VIEIRA MENDES', 'MYN-5953', 1253934, 'SASCAR', '2020-06-24 22:21:05', '2020-06-29 19:21:05', '2020-06-24 19:23:09', '2020-06-26 08:32:55', -16.1181, -41.4349, 'I'),
	(154422, 4, 13, 'SUELLYTON CARLOS FERREIRA', 'PCY-2398', 0, 'POSITRON', '2020-06-25 05:00:56', '2020-06-28 19:35:56', '2020-06-24 19:43:23', '2020-06-26 08:36:20', 0, 0, 'I'),
	(154428, 4, 6, 'ALEXANDRE LIRA AMARO', 'HYA-2026', 92349, 'ONIXSAT', '2020-06-24 20:30:00', '2020-06-25 20:18:20', '2020-06-24 20:20:00', '2020-06-26 08:27:15', -8.5438, -39.2247, 'I'),
	(154436, 4, 17, 'JOSE AIRTON PINHEIRO', 'FRP-5123', 1344122, 'SASCAR', '2020-06-25 05:00:00', '2020-07-03 13:00:00', '2020-06-24 20:45:25', '2020-06-26 08:27:48', -25.0478, -48.5459, 'I'),
	(154492, 5, 9, 'ALAN DAYVISON NUNES LOBO', 'OSM-5030', 945240, 'OMNILINK', '2020-06-25 03:00:00', '2020-06-25 13:00:00', '2020-06-25 01:03:04', '2020-06-26 00:13:16', -3.955, -38.5111, 'I'),
	(154498, 5, 6, 'EVANDRO GUEDES DE MENEZES', 'OES-6550', 1339087, 'SASCAR', '2020-06-25 02:16:42', '2020-06-25 17:56:42', '2020-06-25 01:59:22', '2020-06-26 02:53:02', -9.56829, -35.7671, 'I'),
	(154538, 4, 13, 'FABIO HENRIQUE BARROS DE LIMA', 'OUU-8455', 0, 'POSITRON', '2020-06-25 08:22:00', '2020-06-26 07:22:00', '2020-06-25 07:23:31', '2020-06-26 08:36:20', 0, 0, 'I'),
	(154550, 4, 14, 'ADELMO ADRIANO KOWALCZIKI', 'MLB-9914', 145507, 'ONIXSAT', '2020-06-25 09:30:00', '2020-07-01 08:20:50', '2020-06-25 08:24:50', '2020-06-26 08:33:35', -20.8571, -49.3308, 'I'),
	(154564, 5, 21, 'WELLINGTON DE OLIVEIRA REIS', 'OPE-3593', 951682, 'OMNILINK', '2020-06-25 16:00:00', '2020-06-25 22:00:00', '2020-06-25 09:10:12', '2020-06-25 23:52:09', -19.7858, -43.9044, 'I'),
	(154569, 4, 19, 'EDSON DE OLIVEIRA', 'EOS-0828', 1380751, 'SASCAR', '2020-06-25 14:00:00', '2020-07-03 12:00:00', '2020-06-25 09:19:10', '2020-06-26 08:20:07', -30.3446, -53.9063, 'I'),
	(154573, 4, 18, 'LEANDRO MACIEL DE MEIRA', 'NTX-3997', 78290, 'ONIXSAT', '2020-06-25 10:30:00', '2020-06-27 10:30:00', '2020-06-25 09:38:31', '2020-06-26 07:35:13', -15.341, -52.1812, 'I'),
	(154576, 5, 20, 'GELSON LARANJEIRA', 'IXJ-7471', 867207, 'SASCAR', '2020-06-25 21:30:19', '2020-06-26 05:30:19', '2020-06-25 09:53:51', '2020-06-26 02:55:55', -28.3102, -52.737, 'I'),
	(154578, 4, 19, 'FABIO APARECIDO BRAGA PINTO', 'EFW-9107', 1355250, 'SASCAR', '2020-06-25 14:20:00', '2020-07-03 12:00:00', '2020-06-25 09:58:31', '2020-06-26 08:34:08', -30.3717, -53.5995, 'I'),
	(154584, 5, 20, 'RONILSO OLIVEIRA', 'IXJ-7233', 867279, 'SASCAR', '2020-06-25 21:30:50', '2020-06-26 02:30:50', '2020-06-25 10:28:46', '2020-06-26 01:44:50', -29.9974, -51.1166, 'I'),
	(154588, 4, 19, 'MARCOS LUIZ VIEIRA', 'ELW-6881', 1269098, 'SASCAR', '2020-06-25 13:00:00', '2020-07-03 12:00:00', '2020-06-25 11:41:50', '2020-06-26 08:35:29', -30.364, -53.5275, 'I'),
	(154596, 5, 3, 'RONALDO ADRIANO FERREIRA GOMES ', 'HWW-7345', 1264639, 'SASCAR', '2020-06-25 14:00:00', '2020-06-25 19:00:00', '2020-06-25 12:13:49', '2020-06-26 01:13:51', -3.79708, -38.5338, 'I'),
	(154600, 4, 18, 'LEANDRO MACIEL DE MEIRA', 'NTX-3997', 78290, 'ONIXSAT', '2020-06-28 05:00:00', '2020-06-28 10:00:00', '2020-06-25 12:36:38', '2020-06-26 07:35:13', -15.341, -52.1812, 'I'),
	(154601, 4, 13, 'FABIANO ALVES DE ARRUDA', 'PCV-3583', 0, 'POSITRON', '2020-06-25 16:38:32', '2020-06-26 12:38:32', '2020-06-25 12:40:25', '2020-06-26 08:36:20', 0, 0, 'I'),
	(154609, 2, 8, 'JOSE RIBEIRO DOS SANTOS', 'FJX-4720', 40954, 'SIGHRA', '2020-06-26 09:10:00', '2020-06-26 14:00:00', '2020-06-25 13:58:04', '2020-06-26 08:35:36', -23.6614, -46.8362, 'I'),
	(154610, 2, 8, 'SERGIO POSSANI GARCIA', 'FTI-6905', 85785, 'SIGHRA', '2020-06-26 09:10:18', '2020-06-26 14:00:18', '2020-06-25 14:02:47', '2020-06-26 08:35:36', -23.6612, -46.8361, 'I'),
	(154611, 1, 8, 'ANDERSON SILVA DE SANTANA', 'GGA-0530', 59148, 'SIGHRA', '2020-06-26 10:04:22', '2020-06-26 15:04:22', '2020-06-25 14:07:17', '2020-06-26 08:34:17', -23.6613, -46.8357, 'I'),
	(154612, 1, 8, 'RUBEM DE SOUZA SANTOS', 'FSB-4594', 38515, 'SIGHRA', '2020-06-26 10:07:34', '2020-06-26 15:07:34', '2020-06-25 14:15:18', '2020-06-26 08:32:25', -23.6612, -46.8361, 'I'),
	(154613, 1, 8, 'ITAMAR SOUZA DA ROCHA', 'FJP-6431', 40229, 'SIGHRA', '2020-06-26 14:33:00', '2020-06-26 19:15:33', '2020-06-25 14:19:42', '2020-06-26 08:32:00', -23.5898, -46.7852, 'I'),
	(154614, 2, 8, 'ALEXANDRO PEREIRA LOPES', 'FNO-6019', 80915, 'SIGHRA', '2020-06-26 09:20:24', '2020-06-26 15:20:24', '2020-06-25 14:23:20', '2020-06-26 08:33:24', -23.4275, -46.3823, 'I'),
	(154615, 2, 8, 'RICARDO AMARO DA SILVA', 'FYE-2024', 112985, 'SIGHRA', '2020-06-26 09:23:29', '2020-06-26 15:23:29', '2020-06-25 14:28:47', '2020-06-26 08:35:29', -23.4274, -46.3823, 'I'),
	(154616, 2, 8, 'SIMAO WEDER LOPES', 'FYN-5501', 65400, 'SIGHRA', '2020-06-26 09:29:35', '2020-06-26 17:29:35', '2020-06-25 14:36:03', '2020-06-26 08:34:25', -23.4276, -46.3825, 'I'),
	(154617, 1, 8, 'JULIO CESAR DA SILVA', 'DWR-5629', 102159, 'SIGHRA', '2020-06-26 09:36:20', '2020-06-26 17:36:20', '2020-06-25 14:39:27', '2020-06-26 08:35:13', -23.4276, -46.3824, 'I'),
	(154618, 1, 8, 'THIAGO TELERIO LOPES', 'FML-7879', 62711, 'SIGHRA', '2020-06-26 09:39:46', '2020-06-26 16:39:46', '2020-06-25 14:42:15', '2020-06-26 08:35:24', -23.4274, -46.3823, 'I'),
	(154619, 1, 8, 'GUILHERME DA COSTA CONCEIÇÃO PEREIRA', 'DCU-9092', 100512, 'SIGHRA', '2020-06-26 09:42:31', '2020-06-26 16:42:31', '2020-06-25 14:46:03', '2020-06-26 08:35:27', -23.4264, -46.3822, 'I'),
	(154620, 1, 8, 'DANIEL ALEXANDRE DA SILVA', 'FQZ-1340', 38308, 'SIGHRA', '2020-06-26 09:46:19', '2020-06-26 16:46:19', '2020-06-25 14:48:56', '2020-06-26 08:35:19', -23.4279, -46.3824, 'I'),
	(154621, 1, 8, 'FELIPE HENRIQUE DA SILVA', 'CFY-4858', 26905, 'SIGHRA', '2020-06-26 10:00:12', '2020-06-26 16:49:12', '2020-06-25 14:55:29', '2020-06-26 08:34:34', -23.4585, -46.7531, 'I'),
	(154622, 5, 8, 'DANILO LOURENÇO DE SOUZA', 'FVJ-8795', 118753, 'SIGHRA', '2020-06-25 15:11:03', '2020-06-25 20:51:03', '2020-06-25 14:57:17', '2020-06-26 02:43:36', -23.5103, -46.3808, 'I'),
	(154623, 1, 8, 'WAGNER NOLASCO FERREIRA', 'FVU-3028', 38644, 'SIGHRA', '2020-06-26 10:00:48', '2020-06-26 16:00:00', '2020-06-25 14:58:27', '2020-06-26 08:34:48', -23.5033, -46.5667, 'I'),
	(154625, 1, 8, 'SERGIO RICARDO DA SILVA SOUZA', 'CSK-7875', 40430, 'SIGHRA', '2020-06-26 10:30:51', '2020-06-26 16:00:51', '2020-06-25 15:01:12', '2020-06-26 08:35:53', -23.4266, -46.382, 'I'),
	(154626, 1, 8, 'MARCIO LUIZ GOMES', 'FRR-8970', 36039, 'SIGHRA', '2020-06-26 10:30:53', '2020-06-26 16:01:53', '2020-06-25 15:08:48', '2020-06-26 08:34:03', -23.4274, -46.3823, 'I'),
	(154627, 1, 8, 'DOUGLAS MARQUES DA SILVA', 'GAA-9274', 44565, 'SIGHRA', '2020-06-26 12:09:15', '2020-06-26 18:15:00', '2020-06-25 15:12:14', '2020-06-26 08:29:15', -23.4091, -46.7517, 'I'),
	(154628, 1, 8, 'VALNEI SOBRINHO MARQUES', 'FMY-0350', 48170, 'SIGHRA', '2020-06-26 12:12:32', '2020-06-26 19:12:32', '2020-06-25 15:15:10', '2020-06-26 08:32:46', -23.5896, -46.7853, 'I'),
	(154630, 1, 8, 'WILIANS MARQUES DOS SANTOS', 'FPH-1204', 114132, 'SIGHRA', '2020-06-26 12:15:28', '2020-06-26 19:15:28', '2020-06-25 15:18:33', '2020-06-26 08:31:40', -23.4511, -46.7338, 'I'),
	(154631, 1, 8, 'REGINALDO JOSÉ DOS SANTOS', 'EWU-2812', 37430, 'SIGHRA', '2020-06-26 14:18:53', '2020-06-26 19:53:00', '2020-06-25 15:21:28', '2020-06-26 08:30:54', -23.4921, -46.7925, 'I'),
	(154632, 1, 8, 'DANILO LOURENÇO DE SOUZA', 'FVJ-8795', 118753, 'SIGHRA', '2020-06-26 15:22:16', '2020-06-26 21:22:16', '2020-06-25 15:23:59', '2020-06-26 08:30:56', -23.5103, -46.3808, 'I'),
	(154634, 1, 8, 'MAGNO DE JESUS MARTINS', 'FJS-5312', 32581, 'SIGHRA', '2020-06-26 15:24:15', '2020-06-26 20:24:15', '2020-06-25 15:26:22', '2020-06-26 08:27:28', -23.4105, -46.7487, 'I'),
	(154635, 1, 8, 'WELEDER ELIAB WEIDES RAMOS', 'FCD-1921', 80201, 'SIGHRA', '2020-06-26 15:27:03', '2020-06-26 20:27:03', '2020-06-25 15:29:16', '2020-06-26 08:30:27', -23.4693, -46.3429, 'I'),
	(154636, 5, 15, 'ANTONIO DE SOUZA LARESTE', 'KJF-5614', 0, 'POSITRON', '2020-06-25 22:26:14', '2020-06-25 23:26:14', '2020-06-25 15:29:17', '2020-06-26 02:56:46', 0, 0, 'I'),
	(154637, 5, 16, 'GIOMAR GERALDO DE LIMA', 'MXS-5298', 0, 'POSITRON', '2020-06-25 23:30:00', '2020-06-26 04:30:00', '2020-06-25 15:31:56', '2020-06-26 02:56:46', 0, 0, 'I'),
	(154638, 1, 8, 'FARLEY BRITO', 'FPV-2645', 40556, 'SIGHRA', '2020-06-26 10:57:40', '2020-06-26 13:27:40', '2020-06-25 15:32:00', '2020-06-26 08:30:46', -23.4216, -46.7493, 'I'),
	(154639, 5, 16, 'FRANCISCO DO NASCIMENTO COSTA', 'DXV-2F68', 0, 'POSITRON', '2020-06-25 23:30:00', '2020-06-26 06:00:00', '2020-06-25 15:33:30', '2020-06-26 02:56:46', 0, 0, 'I'),
	(154640, 5, 16, 'JOSE RONILDO FERREIRA DA SILVA', 'LZS-0982', 16413, 'POSITRON', '2020-06-25 23:30:00', '2020-06-26 05:00:00', '2020-06-25 15:35:04', '2020-06-26 02:52:24', -7.28323, -35.9044, 'I'),
	(154642, 5, 15, 'RODRIGO GALDINO DA CUNHA', 'PCW-3881', 0, 'POSITRON', '2020-06-25 22:35:33', '2020-06-25 23:35:33', '2020-06-25 15:39:08', '2020-06-26 02:56:46', 0, 0, 'I'),
	(154643, 5, 2, 'EVERTON APARECIDO PEREIRA BATISTA', 'PUC-3155', 953168, 'OMNILINK', '2020-06-25 19:00:36', '2020-06-25 23:00:36', '2020-06-25 15:39:58', '2020-06-26 00:22:39', -19.7739, -47.9342, 'I'),
	(154646, 4, 14, 'PEDRO PAULO   SANTOS DA CRUZ', 'NPF-8493', 1394715, 'SASCAR', '2020-06-25 16:00:00', '2020-07-01 15:48:58', '2020-06-25 15:51:46', '2020-06-26 08:34:12', -20.3525, -50.1014, 'I'),
	(154648, 4, 10, 'FERNANDO DE OLIVEIRA', 'FVR-3939', 1166647, 'SASCAR', '2020-06-26 08:00:00', '2020-06-26 15:00:00', '2020-06-25 15:52:10', '2020-06-26 08:34:46', -23.4802, -46.5219, 'I'),
	(154649, 4, 13, 'ROBSON LINHARES FERREIRA', 'PCY-2198', 0, 'POSITRON', '2020-06-25 18:54:08', '2020-06-26 15:54:08', '2020-06-25 15:55:47', '2020-06-26 08:36:20', 0, 0, 'I'),
	(154650, 5, 2, 'ADNAN DOUALAS PACHECO ', 'EFV-0059', 941898, 'OMNILINK', '2020-06-25 19:00:26', '2020-06-25 23:00:26', '2020-06-25 15:59:12', '2020-06-25 20:31:29', -16.7669, -43.8831, 'I'),
	(154652, 4, 11, 'LUIZ VANDERLEI DANTAS', 'BWO-9837', 961064, 'OMNILINK', '2020-06-26 03:00:00', '2020-06-26 18:00:00', '2020-06-25 16:01:57', '2020-06-26 08:34:12', -23.5336, -46.6044, 'I'),
	(154653, 4, 10, 'SANDRO DE OLIVEIRA', 'CUF-8699', 1426374, 'SASCAR', '2020-06-25 19:30:00', '2020-06-26 14:00:00', '2020-06-25 16:02:01', '2020-06-26 08:34:59', -22.9689, -43.4168, 'I'),
	(154656, 5, 2, 'DANILO ANTONIO XAVIER ', 'OXJ-8992', 881245, 'OMNILINK', '2020-06-25 22:30:03', '2020-06-26 02:30:03', '2020-06-25 16:11:35', '2020-06-26 02:18:58', -16.8844, -49.2536, 'I'),
	(154657, 1, 8, 'MAURICIO RAMOS DOS SANTOS', 'DCV-0209', 117050, 'SIGHRA', '2020-06-26 15:08:28', '2020-06-26 20:08:28', '2020-06-25 16:13:27', '2020-06-26 08:31:07', -23.5128, -46.4464, 'I'),
	(154659, 4, 8, 'CLEYSON JOSE DE ALMEIDA SILVA', 'FRC-8464', 113061, 'SIGHRA', '2020-06-26 07:00:00', '2020-06-26 16:13:35', '2020-06-25 16:17:37', '2020-06-26 08:34:43', -22.9551, -45.4101, 'I'),
	(154660, 4, 8, 'VINICIUS FONSECA DOS ANJOS', 'GHN-6606', 103536, 'SIGHRA', '2020-06-26 07:17:54', '2020-06-26 11:17:54', '2020-06-25 16:21:11', '2020-06-26 08:29:55', -23.567, -46.3425, 'I'),
	(154662, 4, 8, 'EDINEI SOUZA OLIVEIRA', 'BZR-5890', 108296, 'SIGHRA', '2020-06-26 07:23:44', '2020-06-26 11:23:44', '2020-06-25 16:26:48', '2020-06-26 08:34:07', -23.4919, -46.4795, 'I'),
	(154665, 4, 8, 'ELOSA IZABEL DE JESUS', 'FQG-3553', 53130, 'SIGHRA', '2020-06-26 07:27:44', '2020-06-26 12:27:44', '2020-06-25 16:30:23', '2020-06-26 08:35:36', -23.5656, -46.6525, 'I'),
	(154666, 4, 2, 'WALLYS DE ASSIS', 'OLX-9644', 874336, 'OMNILINK', '2020-06-25 19:00:19', '2020-06-26 09:00:19', '2020-06-25 16:32:32', '2020-06-26 08:35:23', -16.0061, -47.9831, 'I'),
	(154667, 3, 8, 'LUIZ CARLOS FERNANDES', 'GGD-3435', 83524, 'SIGHRA', '2020-06-26 08:30:40', '2020-06-26 11:30:40', '2020-06-25 16:33:08', '2020-06-26 08:35:14', -23.4747, -46.5239, 'I'),
	(154668, 4, 7, 'PAULO SERGIO DE JESUS DOS SANTOS', 'JSM-8373', 1128261, 'SASCAR', '2020-06-25 19:00:00', '2020-06-26 12:00:00', '2020-06-25 16:37:41', '2020-06-26 08:35:00', -12.8328, -38.4105, 'I'),
	(154669, 5, 2, 'RONIVALDO ALVES DE OLIVEIRA', 'OQS-2892', 878187, 'OMNILINK', '2020-06-25 19:00:48', '2020-06-25 23:00:48', '2020-06-25 16:39:04', '2020-06-26 01:17:00', -20.1203, -49.1022, 'I'),
	(154671, 4, 6, 'EDSON ALVES MENEZES', 'PFP-7363', 603720, 'SASCAR', '2020-06-25 17:00:00', '2020-06-26 05:00:00', '2020-06-25 16:49:23', '2020-06-26 08:33:13', -8.16053, -34.9454, 'I'),
	(154673, 4, 1, 'HUGO LEONARDO DA SILVA', 'KHC-1205', 1235631, 'SASCAR', '2020-06-26 07:25:20', '2020-06-26 13:00:20', '2020-06-25 16:58:35', '2020-06-26 08:35:40', -8.18892, -34.9216, 'I'),
	(154674, 4, 1, 'ELIVELTON ALVES DE MENDONÇA', 'PEG-3259', 1109581, 'SASCAR', '2020-06-26 07:35:48', '2020-06-26 12:58:48', '2020-06-25 16:59:53', '2020-06-26 08:35:48', -8.08659, -34.9533, 'I'),
	(154675, 5, 4, 'ELICLENIO GUILHERME DA SILVA', 'KLG-3467', 958747, 'SASCAR', '2020-06-25 17:30:00', '2020-06-25 21:00:00', '2020-06-25 17:00:01', '2020-06-26 02:56:10', -8.1562, -34.9474, 'I'),
	(154676, 5, 3, 'JOSE CARNEIRO DE CASTRO', 'PGC-3700', 818775, 'SASCAR', '2020-06-25 18:00:00', '2020-06-25 23:59:00', '2020-06-25 17:00:27', '2020-06-26 02:55:18', -3.79718, -38.5337, 'I'),
	(154677, 4, 1, 'ALEXANDRE BARBOSA DA SILVA', 'QFD-5810', 1434000, 'SASCAR', '2020-06-26 07:35:59', '2020-06-26 12:59:59', '2020-06-25 17:00:58', '2020-06-26 08:34:11', -8.04255, -34.9351, 'I'),
	(154679, 4, 1, 'FELIPE DOS SANTOS', 'PFB-5417', 1115250, 'SASCAR', '2020-06-26 07:35:17', '2020-06-26 12:45:17', '2020-06-25 17:03:36', '2020-06-26 08:35:19', -8.07056, -34.879, 'I'),
	(154680, 4, 1, 'NIVALDO LEAO CAVALVANTE', 'PEQ-3598', 1270007, 'SASCAR', '2020-06-26 07:35:45', '2020-06-26 13:03:45', '2020-06-25 17:04:42', '2020-06-26 08:32:28', -8.02504, -34.8961, 'I'),
	(154681, 4, 1, 'LUIZ CARLOS DE LIMA FILHO', 'OQG-3913', 1385219, 'SASCAR', '2020-06-26 07:34:49', '2020-06-26 12:45:49', '2020-06-25 17:05:50', '2020-06-26 08:35:45', -8.0515, -34.9066, 'I'),
	(154682, 4, 1, 'WEVERTON VINICIUS DE ANDRADE VIEIRA', 'PFL-7191', 1385239, 'SASCAR', '2020-06-26 07:25:13', '2020-06-26 13:34:13', '2020-06-25 17:07:28', '2020-06-26 08:33:27', -7.82918, -34.9092, 'I'),
	(154683, 4, 1, 'JOSUEL NUNES DA SILVA', 'PEG-5365', 1385218, 'SASCAR', '2020-06-26 07:35:37', '2020-06-26 12:45:37', '2020-06-25 17:08:33', '2020-06-26 08:34:19', -8.01383, -34.8557, 'I'),
	(154684, 5, 1, 'RUBERLON HARRIZON FERREIRA', 'PCI-1656', 1385227, 'SASCAR', '2020-06-25 18:30:00', '2020-06-26 05:30:00', '2020-06-25 17:09:34', '2020-06-26 02:54:27', -8.11331, -35.1323, 'I'),
	(154685, 4, 1, 'SEVERINO ALEXANDRE DA COSTA FERREIRA', 'PEJ-4247', 1385216, 'SASCAR', '2020-06-26 07:15:35', '2020-06-26 14:09:35', '2020-06-25 17:10:35', '2020-06-26 08:33:35', -8.1118, -35.2843, 'I'),
	(154686, 4, 1, 'ADVANILSON SILVA PAULA', 'PLF-8527', 1385228, 'SASCAR', '2020-06-25 22:00:00', '2020-06-26 11:00:00', '2020-06-25 17:11:13', '2020-06-26 08:31:52', -8.07061, -37.8009, 'I'),
	(154687, 4, 1, 'JOSE MARQUES DA SILVA', 'PUG-8490', 1385221, 'SASCAR', '2020-06-26 05:45:45', '2020-06-26 13:45:45', '2020-06-25 17:12:24', '2020-06-26 08:35:24', -8.29498, -35.0328, 'I'),
	(154688, 4, 1, 'FILEMON PEREIRA DA SILVA JUNIOR', 'PCQ-9456', 1385229, 'SASCAR', '2020-06-25 22:00:00', '2020-06-26 13:00:00', '2020-06-25 17:14:11', '2020-06-26 08:26:35', -8.51459, -39.3032, 'I'),
	(154690, 5, 1, 'MANOEL RODRIGUES DE OLIVEIRA NETO', 'QYD-0121', 1410762, 'SASCAR', '2020-06-25 22:00:00', '2020-06-26 07:00:00', '2020-06-25 17:15:31', '2020-06-26 02:55:34', -8.10308, -34.9277, 'I'),
	(154691, 4, 1, 'RICARDO LUIZ BATISTA DE OLIVEIRA', 'PFH-2948', 1385215, 'SASCAR', '2020-06-26 07:25:22', '2020-06-26 15:14:22', '2020-06-25 17:15:55', '2020-06-26 08:29:20', -7.99798, -35.0664, 'I'),
	(154692, 4, 1, 'ADEMIR MAURICIO DOS SANTOS', 'APA-9129', 1385245, 'SASCAR', '2020-06-26 07:20:03', '2020-06-26 15:35:03', '2020-06-25 17:17:58', '2020-06-26 08:27:18', -7.99805, -35.0664, 'I'),
	(154693, 5, 2, 'EZEZIEL CARDOSO', 'HOA-0265', 855811, 'OMNILINK', '2020-06-25 21:00:00', '2020-06-26 01:00:00', '2020-06-25 17:18:43', '2020-05-27 22:29:15', -19.8911, -43.9744, 'I'),
	(154694, 5, 15, 'WESLEY FELIPH DOS SANTOS RIBEIRO DA SILVA', 'PEY-5601', 0, 'POSITRON', '2020-06-25 22:16:16', '2020-06-26 00:16:16', '2020-06-25 17:20:19', '2020-06-26 00:56:09', 0, 0, 'I'),
	(154697, 4, 1, 'JOSIMAR TENORIO DA SILVA', 'PZG-5446', 1385233, 'SASCAR', '2020-06-26 07:25:16', '2020-06-26 16:19:16', '2020-06-25 17:22:48', '2020-06-26 08:33:59', -8.03311, -35.0338, 'I'),
	(154699, 5, 1, 'FABIANO ANDRE BEZERRA DA SILVA', 'PCW-4041', 1422904, 'SASCAR', '2020-06-25 21:00:00', '2020-06-26 08:00:00', '2020-06-25 17:23:18', '2020-06-26 02:55:53', -8.09775, -34.9506, 'I'),
	(154700, 4, 1, 'ISAAC SOARES DE LIRA BENTO', 'OYP-4531', 1385238, 'SASCAR', '2020-06-26 07:23:10', '2020-06-26 15:23:10', '2020-06-25 17:24:19', '2020-06-26 08:33:54', -7.89693, -34.9026, 'I'),
	(154701, 4, 1, 'PAULO SANTOS FERREIRA ', 'OES-7189', 1385237, 'SASCAR', '2020-06-26 06:20:28', '2020-06-26 15:45:28', '2020-06-25 17:25:37', '2020-06-26 08:35:25', -8.3659, -35.2236, 'I'),
	(154702, 4, 1, 'THIAGO PEREIRA NUNES DA SILVA', 'NUT-9962', 1385246, 'SASCAR', '2020-06-26 07:25:45', '2020-06-26 16:00:45', '2020-06-25 17:26:49', '2020-06-26 08:35:11', -8.39965, -35.0616, 'I'),
	(154703, 5, 21, 'RICARDO MÁRCIO SILVA', 'QWY-4965', 886073, 'OMNILINK', '2020-06-25 22:00:00', '2020-06-25 23:59:00', '2020-06-25 17:28:49', '0000-00-00 00:00:00', 0, 0, 'I'),
	(154706, 4, 1, 'MARCOS SUEL ALEXANDRE BARBOSA', 'PEA-7458', 1471150, 'SASCAR', '2020-06-25 22:00:00', '2020-06-26 08:00:00', '2020-06-25 17:32:54', '2020-06-26 08:34:17', -8.87591, -36.4702, 'I'),
	(154708, 4, 38, 'ERNANDO RODRIGUES DA SILVA', 'PGM-6009', 1458611, 'SASCAR', '2020-06-25 17:40:28', '2020-06-30 17:40:28', '2020-06-25 17:37:29', '2020-06-26 08:27:38', -24.1491, -47.3069, 'I'),
	(154709, 5, 21, 'JOSE DONIZETE DE OLIVEIRA', 'PXX-6146', 953821, 'OMNILINK', '2020-06-25 21:00:00', '2020-06-26 03:00:00', '2020-06-25 17:38:04', '2020-06-26 02:22:11', -19.9422, -44.0078, 'I'),
	(154710, 5, 2, 'PAULO ALEXANDRE OLIVEIRA', 'HDW-3676', 1214059, 'SASCAR', '2020-06-25 20:00:00', '2020-06-26 02:00:00', '2020-06-25 17:38:38', '2020-06-26 02:12:40', -19.7743, -47.934, 'I'),
	(154712, 4, 13, 'PAULO SERGIO DE LIMA', 'PDM-8904', 1237444, 'POSITRON', '2020-06-25 19:40:19', '2020-06-27 17:40:19', '2020-06-25 17:41:27', '2020-06-26 08:35:30', -8.39967, -34.9643, 'I'),
	(154717, 5, 21, 'SAULO WBNER DO NASCIMENTO', 'EOE-2438', 961405, 'OMNILINK', '2020-06-25 22:00:00', '2020-06-25 23:00:00', '2020-06-25 17:46:56', '2020-06-26 00:32:10', -19.8828, -43.9575, 'D'),
	(154718, 5, 6, 'JOSE ZIVANILDO ALVES DE ALBUQUERQUE', 'PGC-7771', 961417, 'OMNILINK', '2020-06-25 18:43:18', '2020-06-25 23:43:18', '2020-06-25 17:47:10', '2020-06-25 21:40:54', -8.28972, -36.0022, 'I'),
	(154719, 4, 14, 'FABIO CRISTIANO MACEDO FERREIRA', 'PUW-8J15', 969616, 'OMNILINK', '2020-06-25 18:00:00', '2020-07-01 17:45:30', '2020-06-25 17:47:14', '2020-06-26 08:29:26', -18.3992, -49.3192, 'I'),
	(154721, 5, 2, 'JOSIEDER REIS SILVA', 'FHA-4932', 875880, 'OMNILINK', '2020-06-25 20:00:00', '2020-06-26 10:00:00', '2020-06-25 17:48:16', '2020-06-26 01:07:38', -21.6658, -45.275, 'I'),
	(154722, 4, 7, 'EVALDO PEREIRA MORORO', 'QKN-3A98', 1254698, 'SASCAR', '2020-06-26 05:00:00', '2020-06-27 10:00:00', '2020-06-25 17:49:33', '2020-06-26 08:35:28', -9.83033, -35.9065, 'I'),
	(154723, 4, 21, 'DIONATAN LUCAS PAIVA', 'OWZ-1673', 953905, 'OMNILINK', '2020-06-25 22:00:00', '2020-06-26 12:00:00', '2020-06-25 17:50:42', '2020-06-26 08:35:31', -20.9739, -45.2008, 'I'),
	(154724, 4, 7, 'LUIS HENRIQUE SANTOS DE ARAUJO', 'OQC-1H03', 1411836, 'SASCAR', '2020-06-26 05:00:00', '2020-06-27 10:00:00', '2020-06-25 17:54:22', '2020-06-26 08:34:02', -9.83031, -35.9066, 'I'),
	(154726, 5, 2, 'BENEDITO DE PAULA MACHADO', 'PWE-9012', 953818, 'OMNILINK', '2020-06-25 20:30:00', '2020-06-26 02:00:00', '2020-06-25 18:01:14', '2020-06-26 00:35:08', -19.9628, -44.0422, 'I'),
	(154728, 4, 17, 'JOSE LEONARDO ALVES DE SOUZA', 'IWP-7901', 1292866, 'SASCAR', '2020-06-26 05:03:36', '2020-07-01 18:03:36', '2020-06-25 18:06:04', '2020-06-26 08:35:14', -23.1684, -46.2403, 'I'),
	(154730, 5, 43, 'ITAMAR FERREIRA DA SILVA', 'DPB-6F99', 314560, 'ONIXSAT', '2020-06-26 00:20:29', '2020-06-26 17:00:29', '2020-06-25 18:08:11', '2020-06-26 02:55:40', -8.3929, -35.2588, 'I'),
	(154731, 5, 43, 'FLAVIO ARRUDA DE LIMA', 'QYC-5736', 310345, 'ONIXSAT', '2020-06-26 00:20:25', '2020-06-26 17:00:25', '2020-06-25 18:10:24', '2020-06-26 08:20:41', -9.6724, -35.8385, 'I'),
	(154732, 5, 44, 'WILLEY ARAUJO SILVA', 'FZF-0092', 249085, 'ONIXSAT', '2020-06-25 23:30:00', '2020-06-26 08:00:00', '2020-06-25 18:11:51', '2020-06-26 02:55:09', -23.292, -46.5734, 'I'),
	(154733, 4, 43, 'ALAN ANTONIO DO NASCIMENTO RAMOS', 'KHP-4529', 285892, 'ONIXSAT', '2020-06-26 05:00:36', '2020-06-26 17:00:36', '2020-06-25 18:12:20', '2020-06-26 08:32:13', -9.4787, -35.8846, 'I'),
	(154735, 5, 42, 'JOSE FLAUDICIO DE LIMA', 'QLD-9548', 1111709, 'SASCAR', '2020-06-25 23:30:31', '2020-06-26 08:30:31', '2020-06-25 18:29:14', '2020-06-26 02:55:29', -10.4712, -36.9488, 'I'),
	(154736, 5, 42, 'GILVAN SOARES DE LIMA', 'QLL-5984', 1302667, 'SASCAR', '2020-06-25 23:29:25', '2020-06-26 05:29:25', '2020-06-25 18:30:28', '2020-06-26 02:52:33', -8.62021, -35.9848, 'I'),
	(154737, 5, 42, 'MARCIO DOS SANTOS LIMA', 'QLK-8857', 1275036, 'SASCAR', '2020-06-25 23:30:41', '2020-06-26 05:30:41', '2020-06-25 18:31:36', '2020-06-26 02:18:48', -9.56007, -35.7684, 'I'),
	(154738, 5, 42, 'JOSIEL CORREIA DA SILVA', 'QLF-0635', 1179143, 'SASCAR', '2020-06-26 05:00:44', '2020-06-26 11:00:44', '2020-06-25 18:32:53', '2020-06-26 02:55:24', -9.56018, -35.7682, 'I'),
	(154739, 5, 2, 'JAIRO DOS REIS FERNANDES', 'PVQ-9905', 960122, 'OMNILINK', '2020-06-25 22:00:00', '2020-06-26 02:00:00', '2020-06-25 18:36:10', '2020-06-26 01:48:22', -21.6656, -45.2747, 'I'),
	(154740, 5, 3, 'FRANCISCO JUNIOR VIEIRA DANTAS', 'PFI-5705', 1235702, 'SASCAR', '2020-06-25 18:50:00', '2020-06-25 23:59:00', '2020-06-25 18:36:37', '2020-06-26 02:55:46', -3.7972, -38.5337, 'I'),
	(154744, 4, 17, 'FRANCISCO REGINALDO DO NASCIMENTO SOUSA', 'FRE-3531', 1292869, 'SASCAR', '2020-06-26 05:41:11', '2020-07-01 18:41:11', '2020-06-25 18:43:45', '2020-06-26 08:35:19', -23.1658, -46.2347, 'I'),
	(154745, 4, 33, 'JOSE EDSON CAMPOS DOS SANTOS ', 'QYD-7713', 1411775, 'SASCAR', '2020-06-25 21:00:00', '2020-07-01 18:00:00', '2020-06-25 18:45:11', '2020-06-26 08:33:55', -21.3575, -45.187, 'I'),
	(154746, 5, 2, 'GILMAR NOGUEIRA DE SOUZA LEOPOLDINO', 'FQD-3977', 845325, 'OMNILINK', '2020-06-25 22:00:00', '2020-06-26 02:00:00', '2020-06-25 18:47:55', '2020-06-26 02:22:07', -19.9628, -44.0425, 'I'),
	(154747, 4, 27, 'JOSE RIBAMAR DE SOUZA JUNIOR', 'JJB-5493', 1113302, 'SASCAR', '2020-06-25 19:42:57', '2020-06-29 18:42:57', '2020-06-25 18:49:17', '2020-06-26 08:35:47', -4.44688, -41.9239, 'I'),
	(154749, 5, 5, 'ANTONIO SALUSTIANO DE ANDRADE', 'PCI-4021', 315021, 'ONIXSAT', '2020-06-26 05:00:30', '2020-06-26 10:51:30', '2020-06-25 18:55:13', '2020-06-26 08:30:52', -8.0314, -34.9593, 'I'),
	(154750, 4, 4, 'GIVALDO DA SILVA SANTOS', 'EHH-8322', 916105, 'SASCAR', '2020-06-26 06:00:00', '2020-06-26 14:00:00', '2020-06-25 18:58:11', '2020-06-26 08:21:11', -8.83875, -35.6354, 'I'),
	(154751, 4, 4, 'HUMBERTO FELIPE FARIAS DE AGUIAR', 'KLG-3487', 929054, 'SASCAR', '2020-06-26 06:00:00', '2020-06-26 13:00:00', '2020-06-25 19:02:25', '2020-06-26 08:35:36', -8.07916, -34.9062, 'I'),
	(154752, 5, 9, 'ANTONIO MADSON SANTOS LOPES', 'QKO-7682', 1382727, 'SASCAR', '2020-06-25 23:00:00', '2020-06-26 00:30:00', '2020-06-25 19:05:04', '2020-06-26 00:20:37', -3.95527, -38.5115, 'I'),
	(154753, 4, 4, 'ERIVAN BISPO DOS SANTOS', 'KHT-3045', 1184278, 'SASCAR', '2020-06-26 06:00:00', '2020-06-26 14:00:00', '2020-06-25 19:05:31', '2020-06-26 08:31:52', -8.83909, -35.6355, 'I'),
	(154754, 4, 6, 'EVANDRO GUEDES DE MENEZES', 'OES-6550', 1339087, 'SASCAR', '2020-06-26 04:00:00', '2020-06-26 09:00:00', '2020-06-25 19:07:26', '2020-06-26 08:35:40', -8.16044, -34.9457, 'I'),
	(154757, 4, 3, 'PAULO HENRIQUE BASTO FERREIRA', 'QYG-0J61', 1448410, 'SASCAR', '2020-06-25 20:00:00', '2020-06-26 13:00:00', '2020-06-25 19:15:00', '2020-06-26 08:35:16', -5.11168, -42.7719, 'I'),
	(154759, 4, 30, 'ANDREOGENES DE SANTANA GOMES', 'PEY-8600', 260181, 'ONIXSAT', '2020-06-25 19:30:28', '2020-06-27 19:17:28', '2020-06-25 19:20:20', '2020-06-26 08:20:36', -12.4588, -40.5688, 'I'),
	(154761, 4, 27, 'JOEL DA SILVA SERPA', 'FXU-9085', 1334645, 'SASCAR', '2020-06-25 22:20:51', '2020-06-30 19:20:51', '2020-06-25 19:23:28', '2020-06-26 08:35:05', -22.2443, -45.8827, 'I'),
	(154763, 5, 41, 'RAFAEL OLIVEIRA DE MORAIS', 'OYT-8305', 797533, 'SASCAR', '2020-06-25 22:00:00', '2020-06-26 05:00:00', '2020-06-25 19:36:06', '2020-06-26 02:29:25', -8.15291, -34.9121, 'I'),
	(154764, 4, 41, 'SEVERINO DE LIRA FILHO', 'PYO-3685', 1426153, 'SASCAR', '2020-06-26 06:00:00', '2020-06-26 17:00:00', '2020-06-25 19:43:25', '2020-06-26 08:34:37', -8.51191, -35.3748, 'I'),
	(154765, 4, 41, 'ERIVALDO LOBO DE BARROS', 'PFI-0908', 861362, 'SASCAR', '2020-06-26 06:00:00', '2020-06-26 17:00:00', '2020-06-25 19:44:38', '2020-06-26 08:35:36', -8.20324, -35.568, 'I'),
	(154766, 4, 27, 'JOSE VIRGINIO OLIVEIRA LIBERATO', 'FLX-5399', 1334646, 'SASCAR', '2020-06-25 22:40:42', '2020-07-02 19:40:42', '2020-06-25 19:44:44', '2020-06-26 08:32:22', -22.2444, -45.8825, 'I'),
	(154768, 4, 41, 'DIEGO RAFAEL DE ALMEIDA MOTA', 'PEF-2133', 1336419, 'SASCAR', '2020-06-26 06:00:00', '2020-06-26 17:00:00', '2020-06-25 19:46:13', '2020-06-26 08:32:17', -8.3054, -35.021, 'I'),
	(154769, 4, 41, 'SEVERINO LUIZ DE LIMA FILHO', 'EER-6526', 1260651, 'SASCAR', '2020-06-26 06:00:00', '2020-06-26 17:00:00', '2020-06-25 19:47:57', '2020-06-26 08:31:49', -7.84486, -35.2662, 'I'),
	(154770, 5, 2, 'EDSON CARMO DA SILVA', 'HJI-3497', 947962, 'OMNILINK', '2020-06-25 23:00:00', '2020-06-26 02:00:00', '2020-06-25 19:53:05', '2020-06-26 00:41:12', -19.9628, -44.0425, 'I'),
	(154771, 4, 27, 'GERSON RUBENS ROCHA LIMA', 'GJB-5589', 1361954, 'SASCAR', '2020-06-25 22:50:41', '2020-06-30 19:50:41', '2020-06-25 19:53:32', '2020-06-26 08:32:53', -22.2442, -45.8828, 'I'),
	(154772, 3, 41, 'MOACIR DA SILVA AMORIM ', 'KKM-8770', 1264638, 'SASCAR', '2020-06-26 06:00:00', '2020-06-26 17:00:00', '2020-06-25 19:54:00', '2020-06-26 08:33:39', -7.87761, -35.4448, 'I'),
	(154773, 4, 17, 'NORBERTO DE ANDRADE FILHO', 'ENV-0800', 1169927, 'SASCAR', '2020-06-26 05:54:00', '2020-06-30 19:54:00', '2020-06-25 19:55:34', '2020-06-26 08:34:22', -22.5283, -46.025, 'I'),
	(154774, 4, 41, 'MARCILIO JOSE BENTO', 'PFW-3311', 1419696, 'SASCAR', '2020-06-26 06:00:00', '2020-06-26 17:00:00', '2020-06-25 19:56:41', '2020-06-26 08:32:08', -7.74257, -35.2268, 'I'),
	(154775, 4, 41, 'MACIEL JOSE DA SILVA', 'QYB-1498', 1406854, 'SASCAR', '2020-06-26 06:00:00', '2020-06-26 17:00:00', '2020-06-25 20:00:05', '2020-06-26 08:31:55', -7.8775, -35.4448, 'I'),
	(154778, 5, 3, 'FRANCISCO PINHEIRO SILVA ', 'PEY-2668', 1225376, 'SASCAR', '2020-06-25 20:20:00', '2020-06-25 23:59:00', '2020-06-25 20:07:56', '2020-06-26 02:55:40', -3.74485, -38.5966, 'I'),
	(154779, 4, 27, 'RENIVALDO DUARTE SANTOS', 'NYM-2060', 207603, 'ONIXSAT', '2020-06-25 22:04:24', '2020-06-29 20:04:24', '2020-06-25 20:08:52', '2020-06-26 08:32:52', -19.9271, -44.1041, 'I'),
	(154780, 5, 2, 'SAMUEL DE SOUZA SARTORI', 'HBN-0718', 899984, 'OMNILINK', '2020-06-25 23:00:00', '2020-06-26 02:00:00', '2020-06-25 20:18:56', '2020-06-26 02:18:21', -19.9625, -44.0428, 'I'),
	(154781, 5, 2, 'ALESSANDRO ESPIR', 'OVK-8735', 942017, 'OMNILINK', '2020-06-25 23:00:00', '2020-06-26 02:00:00', '2020-06-25 20:23:46', '2020-06-26 02:12:03', -19.9628, -44.0425, 'I'),
	(154782, 3, 27, 'EVIO NOVAES DA SILVA', 'JRV-0331', 1248012, 'SASCAR', '2020-06-25 22:26:25', '2020-06-30 20:26:25', '2020-06-25 20:30:25', '2020-06-26 08:35:21', -23.4695, -46.4615, 'I'),
	(154784, 3, 27, 'EDUARDO SILVA DO NASCIMENTO', 'OZO-0914', 1267394, 'SASCAR', '2020-06-25 22:30:35', '2020-06-30 21:30:35', '2020-06-25 20:33:38', '2020-06-26 08:34:40', -23.4696, -46.4614, 'I'),
	(154785, 4, 41, 'MARCIO TRAJANO DA SILVA', 'QYG-7H04', 1438199, 'SASCAR', '2020-06-25 22:00:00', '2020-06-26 15:00:00', '2020-06-25 20:38:49', '2020-06-26 08:34:32', -8.06233, -39.1239, 'I'),
	(154787, 5, 2, 'PAULO ALEXANDRE OLIVEIRA', 'HDW-3676', 1214059, 'SASCAR', '2020-06-26 02:00:00', '2020-06-26 14:00:00', '2020-06-25 20:54:25', '2020-06-26 02:12:40', -19.7743, -47.934, 'I'),
	(154788, 4, 32, 'ROGERIO PEREIRA PIRES', 'ETE-2980', 1373723, 'SASCAR', '2020-06-25 21:47:34', '2020-06-26 17:47:34', '2020-06-25 20:57:10', '2020-06-26 08:34:19', -20.4111, -40.3273, 'I'),
	(154789, 5, 2, 'ANDERSON ASLOQUER', 'DOD-6548', 967578, 'OMNILINK', '2020-06-26 03:00:00', '2020-06-26 14:00:00', '2020-06-25 21:13:16', '2020-06-25 19:50:08', -21.7278, -45.2614, 'I'),
	(154790, 4, 6, 'DARCY DE ALMEIDA CAMPOS', 'NOG-9G48', 314725, 'ONIXSAT', '2020-06-25 21:20:00', '2020-06-26 08:00:00', '2020-06-25 21:16:09', '2020-06-26 08:33:37', -12.9004, -38.451, 'I'),
	(154791, 5, 2, 'BENEDITO DE PAULA MACHADO', 'PWE-9012', 953818, 'OMNILINK', '2020-06-26 03:00:00', '2020-06-26 14:00:00', '2020-06-25 21:18:33', '2020-06-26 01:09:45', -19.9242, -44.005, 'I'),
	(154792, 5, 2, 'FABIANO APARECIDO DE JESUS', 'OPJ-7168', 227039, 'ONIXSAT', '2020-06-26 03:00:00', '2020-06-26 14:00:00', '2020-06-25 21:22:35', '2020-06-26 02:52:29', -19.9629, -44.0426, 'I'),
	(154793, 5, 2, 'JAIRO DOS REIS FERNANDES', 'PVQ-9905', 960122, 'OMNILINK', '2020-06-26 02:00:00', '2020-06-26 14:00:00', '2020-06-25 21:26:31', '2020-06-26 08:24:48', -20.1339, -44.9144, 'I'),
	(154794, 5, 6, 'FLAVIO DOS SANTOS ', 'MYP-7741', 188079, 'ONIXSAT', '2020-06-25 21:45:00', '2020-06-26 09:00:00', '2020-06-25 21:28:32', '2020-06-26 02:47:15', -11.7805, -37.9468, 'I'),
	(154795, 5, 6, 'GILMAR BATISTA TELES', 'OER-4998', 188246, 'ONIXSAT', '2020-06-25 22:00:00', '2020-06-26 01:00:00', '2020-06-25 21:30:08', '2020-06-26 02:37:13', -8.1606, -34.9456, 'I'),
	(154796, 5, 2, 'EDSON CARMO DA SILVA', 'HJI-3497', 947962, 'OMNILINK', '2020-06-26 02:00:00', '2020-06-26 14:00:00', '2020-06-25 21:30:28', '2020-06-26 01:15:39', -19.9628, -44.0425, 'I'),
	(154797, 4, 27, 'LEIRTON MOREIRA DE MOURA', 'OGF-4409', 1402823, 'SASCAR', '2020-06-25 22:00:00', '2020-06-27 21:30:56', '2020-06-25 21:33:33', '2020-06-26 08:35:43', -5.87761, -35.5487, 'I'),
	(154799, 5, 2, 'EZEZIEL CARDOSO', 'HOA-0265', 855811, 'OMNILINK', '2020-06-26 00:00:00', '2020-06-26 04:00:00', '2020-06-25 21:38:08', '2020-05-27 22:29:15', -19.8911, -43.9744, 'I'),
	(154800, 5, 2, 'GILMAR NOGUEIRA DE SOUZA LEOPOLDINO', 'FQD-3977', 845325, 'OMNILINK', '2020-06-26 02:00:00', '2020-06-26 14:00:00', '2020-06-25 21:42:19', '2020-06-26 02:22:07', -19.9628, -44.0425, 'I'),
	(154801, 1, 2, 'ACRIZIO PEREIRA DA ROCHA', 'HNX-7313', 0, 'OMNILINK', '2020-06-26 10:00:00', '2020-06-26 23:00:00', '2020-06-25 21:46:10', '2020-06-26 08:36:20', 0, 0, 'I'),
	(154802, 4, 6, 'ALUIZIO EVARISTO DE SOUZA', 'NNQ-1515', 188358, 'ONIXSAT', '2020-06-26 04:00:00', '2020-06-26 08:00:00', '2020-06-25 21:47:54', '2020-06-26 08:33:02', -5.8973, -35.2575, 'I'),
	(154803, 1, 2, 'ORLANDO PEREIRA', 'ORA-9684', 881246, 'OMNILINK', '2020-06-26 14:00:00', '2020-06-27 02:00:00', '2020-06-25 21:51:39', '2020-06-26 08:35:20', -17.7469, -46.1808, 'I'),
	(154805, 5, 32, 'GILBERTO MORAES DA SILVA', 'GJW-3217', 1177420, 'SASCAR', '2020-06-25 22:00:53', '2020-06-26 08:56:53', '2020-06-25 21:58:54', '2020-06-26 02:56:07', -25.1092, -48.7621, 'I'),
	(154806, 4, 2, 'JOSE ADRIANO PEREIRA DE SOUSA', 'ORB-1167', 899994, 'OMNILINK', '2020-06-26 04:00:00', '2020-06-26 16:00:00', '2020-06-25 22:07:21', '2020-06-26 08:34:00', -17.9878, -45.7494, 'I'),
	(154807, 4, 2, 'DEUSELES RODRIGUES GARCIA', 'GYI-3113', 883853, 'OMNILINK', '2020-06-26 02:00:00', '2020-06-26 14:00:00', '2020-06-25 22:12:00', '2020-06-26 08:22:00', -18.6872, -46.5789, 'I'),
	(154808, 5, 32, 'JOAO JOSE ALVES', 'GJU-5519', 1177421, 'SASCAR', '2020-06-25 23:11:00', '2020-06-26 06:11:00', '2020-06-25 22:12:54', '2020-06-26 02:55:58', -23.9374, -47.0371, 'I'),
	(154809, 5, 41, 'SEVERINO GOMES DE MORAES FILHO', 'KGJ-3693', 1212251, 'SASCAR', '2020-06-25 22:20:00', '2020-06-26 05:00:00', '2020-06-25 22:14:18', '2020-06-26 01:24:30', -8.15297, -34.9121, 'I'),
	(154810, 4, 32, 'DIOGO GOMES ARIAS', 'FSI-4639', 847485, 'SASCAR', '2020-06-26 01:00:00', '2020-06-26 11:30:00', '2020-06-25 22:14:30', '2020-06-26 08:35:34', -20.125, -44.3016, 'I'),
	(154811, 5, 2, 'SAMUEL DE SOUZA SARTORI', 'HBN-0718', 899984, 'OMNILINK', '2020-06-26 02:00:00', '2020-06-26 14:00:00', '2020-06-25 22:16:26', '2020-06-26 08:15:21', -19.7742, -47.9339, 'I'),
	(154812, 4, 2, 'ALESSANDRO ESPIR', 'OVK-8735', 942017, 'OMNILINK', '2020-06-26 02:00:00', '2020-06-26 14:00:00', '2020-06-25 22:21:36', '2020-06-26 08:33:50', -19.0664, -48.0308, 'I'),
	(154813, 5, 1, 'CRISTIANO FARIAS MARQUES', 'NQJ-2206', 1385232, 'SASCAR', '2020-06-25 23:40:00', '2020-06-26 08:00:00', '2020-06-25 22:28:23', '2020-06-26 02:55:12', -8.1089, -34.91, 'I'),
	(154815, 5, 1, 'GERCINALDO DO NASCIMENTO BARBOZA', 'KIR-3993', 1414886, 'SASCAR', '2020-06-26 01:00:00', '2020-06-26 07:00:00', '2020-06-25 22:30:19', '2020-06-26 02:55:56', -8.06901, -34.987, 'I'),
	(154817, 4, 6, 'JESSE DOS SANTOS LIMA', 'KIZ-9751', 1190272, 'SASCAR', '2020-06-26 05:01:00', '2020-06-27 22:52:51', '2020-06-25 22:55:31', '2020-06-26 08:35:39', -8.3686, -36.5746, 'I'),
	(154818, 5, 3, 'FRANCISCO JUNIOR VIEIRA DANTAS', 'PCA-8656', 1307928, 'SASCAR', '2020-06-25 23:30:00', '2020-06-26 02:00:00', '2020-06-25 22:59:14', '2020-06-26 00:44:15', -3.79716, -38.5337, 'I'),
	(154819, 4, 27, 'FRANCISCO JACSON FERREIRA CARNEIRO', 'NZX-3722', 1238790, 'SASCAR', '2020-06-26 04:00:00', '2020-06-27 23:14:02', '2020-06-25 23:16:20', '2020-06-26 08:34:25', -7.11559, -34.9543, 'I'),
	(154820, 5, 6, 'EZEQUIEL DOMINGOS ALVES', 'QKV-2970', 261290, 'ONIXSAT', '2020-06-26 00:13:20', '2020-06-26 09:13:20', '2020-06-25 23:16:43', '2020-06-26 02:55:49', -11.7642, -37.9435, 'I'),
	(154821, 5, 41, 'SEVERINO LUIZ DE LIMA FILHO', 'PFI-6663', 1268479, 'SASCAR', '2020-06-26 00:30:00', '2020-06-26 05:00:00', '2020-06-25 23:19:26', '2020-06-26 01:16:18', -8.15285, -34.912, 'I'),
	(154822, 5, 2, 'ALEXANDRE BARROS MENDONCA', 'HBG-8682', 881387, 'OMNILINK', '2020-06-25 23:35:44', '2020-06-26 01:20:44', '2020-06-25 23:29:14', '2020-05-15 07:59:41', -19.1983, -47.8575, 'I'),
	(154823, 5, 41, 'HELDER LUIZ DE ASSIS AMARAL', 'PEX-1605', 1244672, 'SASCAR', '2020-06-26 00:00:00', '2020-06-26 05:00:00', '2020-06-25 23:29:41', '2020-06-26 02:53:34', -8.15301, -34.9121, 'I'),
	(154824, 5, 41, 'HELDER LUIZ DE ASSIS AMARAL', 'PGT-6468', 1248757, 'SASCAR', '2020-06-26 05:00:00', '2020-06-26 15:00:00', '2020-06-25 23:31:58', '2020-06-26 02:55:38', -8.2926, -35.988, 'I'),
	(154825, 4, 45, 'JESSE DOS SANTOS LIMA', 'KIZ-9751', 1190272, 'SASCAR', '2020-06-26 06:00:00', '2020-06-26 22:00:00', '2020-06-25 23:51:01', '2020-06-26 08:35:39', -8.3686, -36.5746, 'I'),
	(154826, 4, 2, 'RICARDO SILVA VIEIRA', 'HBG-8F64', 975544, 'OMNILINK', '2020-06-26 00:00:02', '2020-06-26 09:00:02', '2020-06-25 23:56:00', '2020-06-26 08:34:25', -19.7839, -45.6533, 'I'),
	(154827, 5, 2, 'FABIANO APARECIDO DE JESUS', 'OPJ-7168', 227039, 'ONIXSAT', '2020-06-26 00:15:00', '2020-06-26 02:00:00', '2020-06-26 00:08:04', '2020-06-26 02:52:29', -19.9629, -44.0426, 'I'),
	(154828, 4, 9, 'FELIPE ALVES DE OLIVEIRA', 'OTH-5690', 133569, 'ONIXSAT', '2020-06-26 05:00:00', '2020-06-26 15:00:00', '2020-06-26 00:24:17', '2020-06-26 08:35:36', -4.453, -37.7954, 'I'),
	(154829, 4, 9, 'CARLOS ANTONIO OLIVEIRA BEZERRA', 'PMB-1888', 1417014, 'SASCAR', '2020-06-26 06:00:00', '2020-06-26 16:00:00', '2020-06-26 00:25:45', '2020-06-26 08:35:37', -4.17126, -38.4642, 'I'),
	(154830, 4, 9, 'DJALMA SANTOS LESSA ARAUJO', 'QKO-7682', 1382727, 'SASCAR', '2020-06-26 05:00:00', '2020-06-26 15:00:00', '2020-06-26 00:27:05', '2020-06-26 08:34:25', -4.32965, -38.8817, 'I'),
	(154831, 4, 9, 'VALDENILDO NAZARIO DA SILVA', 'PMB-1898', 1417015, 'SASCAR', '2020-06-26 03:00:00', '2020-06-26 13:00:00', '2020-06-26 00:28:50', '2020-06-26 08:35:45', -5.74428, -39.629, 'I'),
	(154832, 4, 40, 'EDENILSON ANTONIO DE CAMARGO', 'AGY-6A22', 861916, 'OMNILINK', '2020-06-26 03:00:07', '2020-06-26 12:00:00', '2020-06-26 00:32:34', '2020-06-26 08:35:01', -23.5864, -46.7578, 'I'),
	(154833, 4, 9, 'ANTONIO WALTEMAR NARCISO SAMPAIO', 'OSM-4960', 175371, 'ONIXSAT', '2020-06-26 03:00:00', '2020-06-26 13:00:00', '2020-06-26 00:35:55', '2020-06-26 08:35:40', -3.6776, -40.3513, 'I'),
	(154835, 4, 9, 'CICERO RAFAEL BRITO RODRIGUES', 'PNR-0528', 953223, 'SASCAR', '2020-06-26 03:00:00', '2020-06-26 13:00:00', '2020-06-26 00:41:25', '2020-06-26 08:31:48', -6.87579, -39.0929, 'I'),
	(154836, 4, 9, 'JOAO BOSCO DO NASCIMENTO CUNHA', 'POX-1470', 1205428, 'SASCAR', '2020-06-26 03:00:00', '2020-06-26 13:00:00', '2020-06-26 00:45:01', '2020-06-26 08:34:16', -5.39466, -38.2306, 'I'),
	(154837, 5, 9, 'JOSE EDNILTON CAETANO DA COSTA', 'OCF-8481', 1464038, 'SASCAR', '2020-06-26 03:00:00', '2020-06-26 13:00:00', '2020-06-26 00:48:16', '2020-06-26 01:08:29', -3.95525, -38.5112, 'I'),
	(154838, 4, 9, 'WAGNER BEZERRA DOS SANTOS', 'OCF-8481', 1464038, 'SASCAR', '2020-06-26 03:00:00', '2020-06-26 13:00:00', '2020-06-26 00:50:59', '2020-06-26 08:34:22', -3.49287, -39.5784, 'I'),
	(154839, 5, 21, 'MATHEUS FELIPE NEVES DA SILVA', 'EOE-2438', 961405, 'OMNILINK', '2020-06-26 00:55:32', '2020-06-26 11:49:32', '2020-06-26 00:51:28', '2020-06-26 02:21:42', -20.5581, -43.8136, 'D'),
	(154840, 4, 9, 'ALAN DAYVISON NUNES LOBO', 'OSM-5030', 945240, 'OMNILINK', '2020-06-26 03:00:00', '2020-06-26 13:00:00', '2020-06-26 00:54:15', '2020-06-26 08:34:33', -4.18889, -40.4861, 'I'),
	(154841, 5, 32, 'DANILO PASSOS SILVA ', 'GAZ-9J19', 1436663, 'SASCAR', '2020-06-26 01:30:00', '2020-06-26 11:00:00', '2020-06-26 00:54:53', '2020-06-26 02:54:42', -23.2986, -46.011, 'I'),
	(154842, 5, 2, 'BENEDITO DE PAULA MACHADO', 'PWE-9012', 953818, 'OMNILINK', '2020-06-26 03:00:00', '2020-06-26 14:00:00', '2020-06-26 01:02:58', '2020-06-26 02:22:37', -19.9625, -44.0425, 'I'),
	(154843, 4, 3, 'ROSANIO CORREIO DOS SANTOS', 'PNU-6639', 1118614, 'SASCAR', '2020-06-26 01:20:00', '2020-06-26 16:00:00', '2020-06-26 01:03:36', '2020-06-26 08:27:39', -6.74123, -38.7934, 'I'),
	(154844, 4, 2, 'JOSE DONIZETE DE OLIVEIRA', 'PXX-6146', 953821, 'OMNILINK', '2020-06-26 04:00:00', '2020-06-26 14:00:00', '2020-06-26 01:04:28', '2020-06-26 08:34:58', -20.1336, -44.9142, 'I'),
	(154845, 5, 3, 'RONALDO ADRIANO FERREIRA GOMES ', 'HWW-7345', 1264639, 'SASCAR', '2020-06-26 06:30:00', '2020-06-26 12:00:00', '2020-06-26 01:12:19', '2020-06-26 02:53:50', -3.79699, -38.5338, 'I'),
	(154846, 4, 9, 'JOSE EDNILTON CAETANO DA COSTA', 'PMV-3343', 1236746, 'SASCAR', '2020-06-26 03:00:00', '2020-06-26 13:00:00', '2020-06-26 01:13:46', '2020-06-26 08:35:09', -5.39663, -40.3081, 'I'),
	(154847, 4, 3, 'DOUGLAS GOMES REIS ', 'NVB-4273', 1237586, 'SASCAR', '2020-06-26 06:30:00', '2020-06-26 12:00:00', '2020-06-26 01:14:23', '2020-06-26 08:35:39', -3.72586, -38.5315, 'I'),
	(154848, 4, 3, 'AGENOR BARROSO COSTA FILHO', 'OCI-1223', 1227661, 'SASCAR', '2020-06-26 06:30:00', '2020-06-26 12:00:00', '2020-06-26 01:16:20', '2020-06-26 08:35:32', -3.76943, -38.614, 'I'),
	(154849, 4, 3, 'FABIANO PIMENTEL DE SOUZA', 'NGW-0159', 1245134, 'SASCAR', '2020-06-26 06:30:00', '2020-06-26 12:00:00', '2020-06-26 01:17:38', '2020-06-26 08:33:53', -3.74009, -38.4768, 'I'),
	(154850, 4, 3, 'FELIPE GONÇALVES DE ALMEIDA MAGALHÃES', 'PNN-5272', 751880, 'SASCAR', '2020-06-26 06:30:00', '2020-06-26 12:00:00', '2020-06-26 01:18:53', '2020-06-26 08:35:48', -3.73394, -38.659, 'I'),
	(154851, 4, 3, 'NECIFRAM LEANDRO DE HOLANDA', 'NQM-9371', 1397564, 'SASCAR', '2020-06-26 06:30:00', '2020-06-26 12:00:00', '2020-06-26 01:20:24', '2020-06-26 08:35:12', -3.81598, -38.521, 'I'),
	(154852, 4, 3, 'FRANCISCO EVERTON MARQUES DE OLIVEIRA', 'PCA-8656', 1307928, 'SASCAR', '2020-06-26 06:30:00', '2020-06-26 12:00:00', '2020-06-26 01:22:10', '2020-06-26 08:33:04', -3.73744, -38.5523, 'I'),
	(154853, 4, 3, 'LUIZ NOGUEIRA JUNIOR', 'PDO-7435', 1246186, 'SASCAR', '2020-06-26 06:30:00', '2020-06-26 12:00:00', '2020-06-26 01:23:42', '2020-06-26 08:35:48', -3.74116, -38.5632, 'I'),
	(154854, 4, 3, 'MARDONES SOARES DE OLIVEIRA', 'NVD-9D21', 1308425, 'SASCAR', '2020-06-26 02:00:00', '2020-06-26 16:00:00', '2020-06-26 01:33:02', '2020-06-26 08:35:36', -6.09229, -39.4587, 'I'),
	(154855, 4, 6, 'ELIELSON ALMEIDA SANTOS', 'JJQ-0046', 188244, 'ONIXSAT', '2020-06-26 03:29:45', '2020-06-26 11:29:45', '2020-06-26 01:34:39', '2020-06-26 08:34:59', -5.8972, -35.2575, 'I'),
	(154856, 2, 3, 'FRANCISCO DE ASSIS PINHEIRO', 'ELQ-9085', 1255561, 'SASCAR', '2020-06-26 09:00:00', '2020-06-26 16:00:00', '2020-06-26 01:41:20', '2020-06-26 08:26:44', -6.49971, -39.4882, 'I'),
	(154857, 4, 2, 'ALEXANDRE BARROS MENDONCA', 'HBG-8682', 881387, 'OMNILINK', '2020-06-26 01:50:00', '2020-06-26 10:50:00', '2020-06-26 01:44:50', '2020-05-15 07:59:41', -19.1983, -47.8575, 'I'),
	(154858, 4, 2, 'PAULO ALEXANDRE OLIVEIRA', 'HDW-3676', 1214059, 'SASCAR', '2020-06-26 02:05:00', '2020-06-26 10:05:00', '2020-06-26 01:58:02', '2020-06-26 08:35:08', -21.6086, -45.5235, 'I'),
	(154859, 4, 6, 'ISRAEL JOSE DA SILVA', 'OHJ-3419', 189043, 'ONIXSAT', '2020-06-26 03:37:00', '2020-06-26 12:10:37', '2020-06-26 02:12:36', '2020-06-26 08:34:41', -7.1839, -34.8995, 'I'),
	(154860, 5, 41, 'SEVERINO LUIZ DE LIMA FILHO', 'PFI-6663', 1268479, 'SASCAR', '2020-06-26 02:30:00', '2020-06-26 06:00:00', '2020-06-26 02:25:52', '2020-06-26 02:55:50', -8.07909, -34.9804, 'I'),
	(154861, 4, 21, 'FELIPE SANTIAGO FONSECA COSTA', 'PVX-4247', 856045, 'OMNILINK', '2020-06-26 02:40:18', '2020-06-26 09:29:18', '2020-06-26 02:32:43', '2020-05-27 22:29:34', -19.8828, -43.9578, 'D'),
	(154862, 5, 21, 'SERGIO RODRIGUES FERREIRA', 'HEM-9647', 840986, 'OMNILINK', '2020-06-26 02:45:51', '2020-06-26 05:35:51', '2020-06-26 02:37:40', '2020-05-27 17:19:01', -18.7386, -44.4244, 'F'),
	(154865, 4, 21, 'HUMBERTO RIBEIRO DA SILVA', 'QUE-9864', 865221, 'OMNILINK', '2020-06-26 03:25:54', '2020-06-26 07:36:54', '2020-06-26 03:19:02', '2020-06-26 08:34:54', -21.8678, -43.3131, 'I'),
	(154869, 4, 21, 'ALEXANDRE SANTOS PEREIRA', 'QWY-4965', 886073, 'OMNILINK', '2020-06-26 03:59:21', '2020-06-26 09:54:21', '2020-06-26 03:56:26', '0000-00-00 00:00:00', 0, 0, 'I'),
	(154870, 4, 2, 'ADNAN DOUALAS PACHECO ', 'EFV-0059', 941898, 'OMNILINK', '2020-06-26 04:15:00', '2020-06-26 10:15:00', '2020-06-26 04:04:17', '2020-06-26 08:34:44', -16.715, -43.8653, 'I'),
	(154871, 4, 6, 'LEONARDO SANTOS MATIAS ', 'JVE-9249', 190347, 'ONIXSAT', '2020-06-26 04:15:00', '2020-06-26 12:00:00', '2020-06-26 04:13:53', '2020-06-26 08:28:22', -10.2311, -36.8466, 'I'),
	(154872, 4, 21, 'ELIAS FAGUNDES DE OLIVEIRA', 'NXZ-2871', 961060, 'OMNILINK', '2020-06-26 04:20:43', '2020-06-26 11:10:43', '2020-06-26 04:18:56', '2020-06-26 08:35:21', -20.1611, -43.9536, 'I'),
	(154873, 4, 21, 'REGINALDO BORGES DA COSTA', 'QXI-3652', 976777, 'OMNILINK', '2020-06-26 04:25:56', '2020-06-26 09:20:56', '2020-06-26 04:22:34', '2020-06-26 08:33:54', -20.4175, -42.9311, 'I'),
	(154874, 4, 21, 'REINALDO CANHESTRO FERREIRA', 'GVQ-1026', 873344, 'OMNILINK', '2020-06-26 04:29:37', '2020-06-26 11:23:37', '2020-06-26 04:28:10', '2020-06-26 08:33:55', -19.4733, -44.2722, 'I'),
	(154875, 4, 21, 'RENATO GONÇALVES SOARES ', 'PWB-0989', 869797, 'OMNILINK', '2020-06-26 04:50:34', '2020-06-26 11:45:34', '2020-06-26 04:48:23', '2020-06-26 08:35:18', -20.6586, -43.7869, 'I'),
	(154876, 4, 21, 'DENIS FILIPE DE SOUZA GOMES', 'OGQ-3363', 848416, 'OMNILINK', '2020-06-26 04:55:45', '2020-06-26 10:48:45', '2020-06-26 04:52:22', '2020-06-26 08:30:50', -19.8022, -43.0542, 'I'),
	(154877, 4, 21, 'JONATHAN CARVALHO VIDAL DE ASSIS ', 'HKF-2780', 856061, 'OMNILINK', '2020-06-26 04:59:16', '2020-06-26 09:53:16', '2020-06-26 04:55:10', '2020-06-26 08:31:46', -20.1869, -42.6928, 'I'),
	(154878, 4, 2, 'JULIO GONÇALVES DE OLIVEIRA', 'APH-1511', 942016, 'OMNILINK', '2020-06-26 05:20:00', '2020-06-26 11:20:00', '2020-06-26 05:03:02', '2020-06-26 08:22:00', -19.4417, -46.4522, 'I'),
	(154880, 4, 41, 'SEVERINO FERREIRA DA SILVA', 'PCA-8756', 1307929, 'SASCAR', '2020-06-26 06:00:00', '2020-06-26 15:00:00', '2020-06-26 05:57:23', '2020-06-26 08:35:15', -7.88387, -35.4449, 'I'),
	(154881, 4, 42, 'JOSÉ ADEILSON DE ALMEIDA SILVA', 'QWG-9160', 1396910, 'SASCAR', '2020-06-26 08:00:00', '2020-06-26 11:00:00', '2020-06-26 06:22:19', '2020-06-26 08:26:40', -9.57605, -36.3418, 'I'),
	(154882, 4, 6, 'EUVERNARGUES LUIZ DA CRUZ VIEIRA', 'OWD-4607', 210030, 'ONIXSAT', '2020-06-26 06:32:00', '2020-06-26 14:00:00', '2020-06-26 06:31:45', '2020-06-26 08:33:18', -8.9473, -35.6612, 'I'),
	(154883, 4, 4, 'WELLINGTON FELIX DO NASCIMENTO ', 'KHB-0386', 1397094, 'SASCAR', '2020-06-26 08:00:00', '2020-06-26 14:00:00', '2020-06-26 07:03:24', '2020-06-26 08:34:13', -8.30562, -35.0957, 'I'),
	(154884, 4, 4, 'EDMILSON JOSE TEOFILO DOS SANTOS FILHO', 'PFL-2560', 1186442, 'SASCAR', '2020-06-26 08:00:00', '2020-06-26 14:00:00', '2020-06-26 07:05:46', '2020-06-26 08:29:55', -8.29787, -35.0655, 'I'),
	(154885, 4, 3, 'RONALTI ADRIANO BRAGA GOMES ', 'PIG-6C31', 1449480, 'SASCAR', '2020-06-26 07:35:00', '2020-06-26 14:00:00', '2020-06-26 07:29:57', '2020-06-26 08:32:00', -3.77229, -38.5801, 'I'),
	(154886, 4, 3, 'RONALDO ADRIANO FERREIRA GOMES ', 'HWW-7345', 1264639, 'SASCAR', '2020-06-26 07:39:00', '2020-06-26 14:00:00', '2020-06-26 07:33:48', '2020-06-26 08:34:04', -3.83128, -38.4942, 'I'),
	(154887, 4, 17, 'ALEXANDRE SILVA SOUSA', 'IQE-3099', 1282787, 'SASCAR', '2020-06-26 07:45:00', '2020-06-26 08:30:00', '2020-06-26 07:37:02', '2020-06-26 08:34:11', -3.83392, -38.5818, 'I'),
	(154888, 4, 4, 'JOSE FELIX DA SILVA JUNIOR', 'KJL-4376', 958745, 'SASCAR', '2020-06-26 08:30:00', '2020-06-26 10:00:00', '2020-06-26 07:55:23', '2020-06-26 08:35:50', -8.07115, -34.9425, 'I'),
	(154889, 3, 15, 'WESLEY FELIPH DOS SANTOS RIBEIRO DA SILVA', 'ORH-6330', 20451, 'POSITRON', '2020-06-26 08:30:13', '2020-06-26 10:21:13', '2020-06-26 08:24:19', '2020-06-26 08:27:44', -8.53378, -35.3908, 'I'),
	(154891, 1, 47, 'DIRCEU APARECIDO DA SILVA', 'BEA-3A49', 323034, 'ONIXSAT', '2020-06-27 08:16:29', '2020-07-04 08:16:29', '2020-06-26 08:27:43', '2020-06-26 08:34:15', -9.5847, -35.8263, 'I'),
	(154892, 2, 6, 'DANIEL SILVA DOS SANTOS ', 'HWV-7367', 304428, 'ONIXSAT', '2020-06-26 09:30:00', '2020-06-26 10:30:00', '2020-06-26 08:30:37', '2020-06-26 08:34:46', -3.8064, -38.5007, 'I');


-- Copiando estrutura para view vs_ngo.view_dentro_polo
-- Criando tabela temporária para evitar erros de dependência de VIEW
CREATE TABLE `view_dentro_polo` (
	`lsm_id` INT(11) NOT NULL,
	`lsm_status_rastreamento` INT(1) NULL,
	`lsm_ctrs_id` INT(11) NULL,
	`lsm_motorista_nome` LONGTEXT NULL COLLATE 'utf8_general_ci',
	`lsm_veiculo_placa` CHAR(50) NULL COLLATE 'utf8_general_ci',
	`lsm_veiculo_codigo_integracao` INT(11) NULL,
	`lsm_equipamento_descricao` CHAR(50) NULL COLLATE 'utf8_general_ci',
	`lsm_data_hora_previsao_inicio` TIMESTAMP NULL,
	`lsm_data_hora_previsao_termino` TIMESTAMP NULL,
	`lsm_data_hora_solicitacao` TIMESTAMP NULL,
	`lsm_data_ultima_posicao` TIMESTAMP NULL,
	`lsm_ultima_posicao_latitude` FLOAT NULL,
	`lsm_ultima_posicao_longitude` FLOAT NULL,
	`lsm_status_area` CHAR(1) NULL COLLATE 'utf8_general_ci',
	`ctrs_id` INT(11) NOT NULL,
	`ctrs_nome` LONGTEXT NULL COLLATE 'latin1_swedish_ci',
	`ctrs_status` CHAR(1) NULL COLLATE 'latin1_swedish_ci',
	`distancia` DOUBLE NULL,
	`car_id` BIGINT(11) NULL,
	`iniciado` BIGINT(21) NULL
) ENGINE=MyISAM;


-- Copiando estrutura para view vs_ngo.view_entrou_polo
-- Criando tabela temporária para evitar erros de dependência de VIEW
CREATE TABLE `view_entrou_polo` (
	`lsm_id` INT(11) NOT NULL,
	`lsm_status_rastreamento` INT(1) NULL,
	`lsm_ctrs_id` INT(11) NULL,
	`lsm_motorista_nome` LONGTEXT NULL COLLATE 'utf8_general_ci',
	`lsm_veiculo_placa` CHAR(50) NULL COLLATE 'utf8_general_ci',
	`lsm_veiculo_codigo_integracao` INT(11) NULL,
	`lsm_equipamento_descricao` CHAR(50) NULL COLLATE 'utf8_general_ci',
	`lsm_data_hora_previsao_inicio` TIMESTAMP NULL,
	`lsm_data_hora_previsao_termino` TIMESTAMP NULL,
	`lsm_data_hora_solicitacao` TIMESTAMP NULL,
	`lsm_data_ultima_posicao` TIMESTAMP NULL,
	`lsm_ultima_posicao_latitude` FLOAT NULL,
	`lsm_ultima_posicao_longitude` FLOAT NULL,
	`lsm_status_area` CHAR(1) NULL COLLATE 'utf8_general_ci',
	`ctrs_id` INT(11) NOT NULL,
	`ctrs_nome` LONGTEXT NULL COLLATE 'latin1_swedish_ci',
	`ctrs_status` CHAR(1) NULL COLLATE 'latin1_swedish_ci',
	`distancia` DOUBLE NULL,
	`car_id` BIGINT(11) NULL,
	`iniciado` BIGINT(21) NULL
) ENGINE=MyISAM;


-- Copiando estrutura para view vs_ngo.view_fora_polo
-- Criando tabela temporária para evitar erros de dependência de VIEW
CREATE TABLE `view_fora_polo` (
	`lsm_id` INT(11) NOT NULL,
	`lsm_status_rastreamento` INT(1) NULL,
	`lsm_ctrs_id` INT(11) NULL,
	`lsm_motorista_nome` LONGTEXT NULL COLLATE 'utf8_general_ci',
	`lsm_veiculo_placa` CHAR(50) NULL COLLATE 'utf8_general_ci',
	`lsm_veiculo_codigo_integracao` INT(11) NULL,
	`lsm_equipamento_descricao` CHAR(50) NULL COLLATE 'utf8_general_ci',
	`lsm_data_hora_previsao_inicio` TIMESTAMP NULL,
	`lsm_data_hora_previsao_termino` TIMESTAMP NULL,
	`lsm_data_hora_solicitacao` TIMESTAMP NULL,
	`lsm_data_ultima_posicao` TIMESTAMP NULL,
	`lsm_ultima_posicao_latitude` FLOAT NULL,
	`lsm_ultima_posicao_longitude` FLOAT NULL,
	`lsm_status_area` CHAR(1) NULL COLLATE 'utf8_general_ci',
	`ctrs_id` INT(11) NOT NULL,
	`ctrs_nome` LONGTEXT NULL COLLATE 'latin1_swedish_ci',
	`ctrs_status` CHAR(1) NULL COLLATE 'latin1_swedish_ci',
	`distancia` DOUBLE NULL,
	`car_id` BIGINT(11) NULL,
	`iniciado` BIGINT(21) NULL
) ENGINE=MyISAM;


-- Copiando estrutura para view vs_ngo.view_saida_nao_autorizada
-- Criando tabela temporária para evitar erros de dependência de VIEW
CREATE TABLE `view_saida_nao_autorizada` (
	`lsm_id` INT(11) NOT NULL,
	`lsm_status_rastreamento` INT(1) NULL,
	`lsm_ctrs_id` INT(11) NULL,
	`lsm_motorista_nome` LONGTEXT NULL COLLATE 'utf8_general_ci',
	`lsm_veiculo_placa` CHAR(50) NULL COLLATE 'utf8_general_ci',
	`lsm_veiculo_codigo_integracao` INT(11) NULL,
	`lsm_equipamento_descricao` CHAR(50) NULL COLLATE 'utf8_general_ci',
	`lsm_data_hora_previsao_inicio` TIMESTAMP NULL,
	`lsm_data_hora_previsao_termino` TIMESTAMP NULL,
	`lsm_data_hora_solicitacao` TIMESTAMP NULL,
	`lsm_data_ultima_posicao` TIMESTAMP NULL,
	`lsm_ultima_posicao_latitude` FLOAT NULL,
	`lsm_ultima_posicao_longitude` FLOAT NULL,
	`lsm_status_area` CHAR(1) NULL COLLATE 'utf8_general_ci',
	`ctrs_id` INT(11) NOT NULL,
	`ctrs_nome` LONGTEXT NULL COLLATE 'latin1_swedish_ci',
	`ctrs_status` CHAR(1) NULL COLLATE 'latin1_swedish_ci',
	`distancia` DOUBLE NULL,
	`car_id` BIGINT(11) NULL,
	`iniciado` BIGINT(21) NULL
) ENGINE=MyISAM;


-- Copiando estrutura para view vs_ngo.view_dentro_polo
-- Removendo tabela temporária e criando a estrutura VIEW final


-- Copiando estrutura para view vs_ngo.view_entrou_polo
-- Removendo tabela temporária e criando a estrutura VIEW final


-- Copiando estrutura para view vs_ngo.view_fora_polo
-- Removendo tabela temporária e criando a estrutura VIEW final


-- Copiando estrutura para view vs_ngo.view_saida_nao_autorizada
-- Removendo tabela temporária e criando a estrutura VIEW final
